{"id":6,"date":"2019-04-26T16:31:04","date_gmt":"2019-04-26T14:31:04","guid":{"rendered":"https:\/\/trails.cryptomania.cz\/ztracena-breclav\/rules\/"},"modified":"2024-07-31T15:22:44","modified_gmt":"2024-07-31T13:22:44","slug":"rules","status":"publish","type":"page","link":"https:\/\/trails.cryptomania.cz\/ztracena-breclav\/rules\/","title":{"rendered":"Pravidla"},"content":{"rendered":"<div class=\"row justify-content-center lazyblock-cryptomania-basic-column-Z2eLuns wp-block-lazyblock-cryptomania-basic-column\">\n        <div class=\"col col-lg-10 col-xl-8 col-xxl-8\">\n            <div class=\"row\">\n                \n\n<p class=\"is-style-text-perex text-perex\">Abyste si \u0161ifrovac\u00ed hru Ztracen\u00e1 B\u0159eclav mohli u\u017e\u00edt, doporu\u010dujeme pe\u010dliv\u011b proj\u00edt n\u00e1sleduj\u00edc\u00ed pravidla. Nen\u00ed jich mnoho, ale jejich p\u0159e\u010dten\u00ed v\u00e1m pom\u016f\u017ee k lep\u0161\u00edmu hern\u00edmu z\u00e1\u017eitku.<\/p>\n\n\n            <\/div>\n        <\/div>\n    <\/div>\n\n<div class=\"row justify-content-center lazyblock-cryptomania-text-column-1R7r5l wp-block-lazyblock-cryptomania-text-column\">\n        <div class=\"col col-lg-10 col-xl-8 col-xxl-8\">\n            <div class=\"row\">\n                <div class=\"col-12 col-lg-8 text-bigger mb-3 mt-2\">\n                    \n\n<h2 class=\"wp-block-heading\">Nejd\u016fle\u017eit\u011bj\u0161\u00ed pravidla<\/h2>\n\n\n\n<ol class=\"wp-block-list\">\n<li><strong>Hra je \u0159\u00edzena pomoc\u00ed hern\u00edho syst\u00e9mu<\/strong>\u00a0na t\u011bchto str\u00e1nk\u00e1ch.<\/li>\n\n\n\n<li>K p\u0159ihl\u00e1\u0161en\u00ed do hern\u00edho syst\u00e9mu je pot\u0159eba nejd\u0159\u00edve\u00a0<a href=\"https:\/\/trails.cryptomania.cz\/ztracena-breclav\/register\/\" data-type=\"page\" data-id=\"11\">zaregistrovat sv\u016fj t\u00fdm<\/a>. Pot\u0159ebujeme zn\u00e1t jen email, na kter\u00fd v\u00e1m p\u0159ijdou p\u0159ihla\u0161ovac\u00ed \u00fadaje, a n\u011bjak\u00fd \u00fadern\u00fd n\u00e1zev va\u0161eho t\u00fdmu.\u00a0<\/li>\n\n\n\n<li><strong>V hern\u00edm syst\u00e9mu najdete v\u0161echny d\u016fle\u017eit\u00e9 pokyny<\/strong>\u00a0a tak\u00e9 do n\u011bj budete zad\u00e1vat v\u0161echna hesla, kter\u00e1 b\u011bhem hry z\u00edsk\u00e1te.<\/li>\n\n\n\n<li>Ke h\u0159e pot\u0159ebujete krom\u011b hern\u00edho syst\u00e9mu tak\u00e9\u00a0<strong>hern\u00ed bro\u017euru<\/strong>\u00a0(v r\u00e1me\u010dku n\u00ed\u017ee zjist\u00edte, jak ji z\u00edskat),\u00a0<strong>nabit\u00fd chytr\u00fd telefon s p\u0159ipojen\u00edm k internetu, pap\u00edr a tu\u017eku<\/strong>.<\/li>\n\n\n\n<li>Hra fyzicky za\u010d\u00edn\u00e1 u pavilonu ve st\u0159edu Sad\u016f 28. \u0159\u00edjna. Hra se spust\u00ed zad\u00e1n\u00edm <strong>p\u0159\u00edstupov\u00e9ho k\u00f3du\u00a0z hern\u00ed bro\u017eury<\/strong> do prvn\u00edho stanovi\u0161t\u011b.<\/li>\n<\/ol>\n\n\n                <\/div>\n            <\/div>\n        <\/div>\n    <\/div>\n\n<div class=\"row justify-content-center lazyblock-cryptomania-basic-column-Z15iKsj wp-block-lazyblock-cryptomania-basic-column\">\n        <div class=\"col col-lg-10 col-xl-8 col-xxl-8\">\n            <div class=\"row\">\n                \n<div class=\"col-12 col-lg-6 lazyblock-cryptomania-half-column-1ON48K wp-block-lazyblock-cryptomania-half-column\">\n                <div class=\"lazyblock-inner-blocks\">\n\n<h2 class=\"wp-block-heading pt-4\">Sch\u00e9ma hry<\/h2>\n\n\n\n<ul class=\"wp-block-list\">\n<li>Na ka\u017ed\u00e9m stanovi\u0161ti na v\u00e1s \u010dek\u00e1 <strong>v\u017edy jeden \u00fakol<\/strong>.<\/li>\n\n\n\n<li>Hra obsahuje <strong>4 stanovi\u0161\u0165 a jeden bonus.<\/strong><\/li>\n\n\n\n<li>Stanovi\u0161t\u011b hry jsou o\u010d\u00edslov\u00e1na od 1 do 4 a je mo\u017en\u00e9 je nav\u0161t\u00edvit <strong>pouze v dan\u00e9m po\u0159ad\u00ed<\/strong>.<\/li>\n\n\n\n<li>Bonusov\u00e9 stanovi\u0161t\u011b se v\u00e1m zobraz\u00ed a\u017e po vy\u0159e\u0161en\u00ed v\u0161ech 4 stanovi\u0161\u0165 hry.<\/li>\n<\/ul>\n\n<\/div>\n    <\/div>\n\n<div class=\"col-12 col-lg-6 lazyblock-cryptomania-half-column-Z7yXJ wp-block-lazyblock-cryptomania-half-column\">\n                <div class=\"lazyblock-inner-blocks\">\n<div class=\"bg-sidebox-light p-4 mb-3 rounded-4 lazyblock-cryptomania-gray-box-z5RzA wp-block-lazyblock-cryptomania-gray-box\">\n                <div class=\"lazyblock-inner-blocks\">\n\n<h2 class=\"wp-block-heading\" id=\"block-9a7f888c-54b2-479d-866b-14f645aaaba0\">Kde z\u00edsk\u00e1te hern\u00ed bro\u017euru?<\/h2>\n\n\n\n<ul id=\"block-ae2f8a17-4a4a-44e4-91ba-69ffcadc0d6e\" class=\"wp-block-list\">\n<li>v Turistick\u00e9m informa\u010dn\u00edm centru v B\u0159eclavi<br>(U Tr\u017ei\u0161t\u011b 324\/8, B\u0159eclav &#8211; <a href=\"https:\/\/mapy.cz\/s\/ramukoboke\">mapa<\/a>)<\/li>\n\n\n\n<li>v pavilonu v parku<br>(ve st\u0159edu sad\u016f 28. \u0159\u00edjna v B\u0159eclavi &#8211; <a href=\"https:\/\/mapy.cz\/s\/bojebuvace\">mapa<\/a>)<\/li>\n\n\n\n<li>p\u0159i n\u00e1v\u0161t\u011bv\u011b objekt\u016f MMG B\u0159eclav (muzeum pod vod\u00e1rnou, synagoga a Pohansko)<\/li>\n<\/ul>\n\n\n\n<h2 class=\"wp-block-heading\" id=\"block-79ed0ad6-6ca8-4613-ad72-b9f59d4aac6c\">Chcete si bro\u017euru vytisknout?<\/h2>\n\n\n\n<p id=\"block-8cd795af-13cc-464a-a9fa-e8bb79f9c7e9\" class=\"\">V takov\u00e9m p\u0159\u00edpad\u011b jsme ji pro v\u00e1s p\u0159ipravili v n\u00e1sleduj\u00edc\u00edch form\u00e1tech:<\/p>\n\n\n\n<ul id=\"block-5f015d2a-d38f-465d-819a-28cfebe76d32\" class=\"wp-block-list\">\n<li><strong><a href=\"https:\/\/trails.cryptomania.cz\/ztracena-breclav\/wp-content\/uploads\/sites\/54\/2021\/04\/ztracenabreclav-brozuraA5.pdf\">Jako bro\u017euru A5<\/a><\/strong><\/li>\n\n\n\n<li><strong><a href=\"https:\/\/trails.cryptomania.cz\/ztracena-breclav\/wp-content\/uploads\/sites\/54\/2021\/04\/ztracenabreclav-brozuraA4.pdf\">Jako pap\u00edry A4<\/a><\/strong><\/li>\n<\/ul>\n\n<\/div>\n    <\/div>\n<\/div>\n    <\/div>\n\n            <\/div>\n        <\/div>\n    <\/div>\n\n<div class=\"row justify-content-center lazyblock-cryptomania-text-column-Z1cj3vS wp-block-lazyblock-cryptomania-text-column\">\n        <div class=\"col col-lg-10 col-xl-8 col-xxl-8\">\n            <div class=\"row\">\n                <div class=\"col-12 col-lg-8 text-bigger mb-3 mt-2\">\n                    \n\n<h2 class=\"wp-block-heading\">Stanovi\u0161t\u011b<\/h2>\n\n\n\n<ul class=\"wp-block-list\">\n<li>Za vy\u0159e\u0161en\u00ed \u00fakol\u016f z\u00edsk\u00e1v\u00e1te body.<\/li>\n\n\n\n<li>Po\u010det z\u00edskan\u00fdch bod\u016f se li\u0161\u00ed podle toho, zda jste \u00fakol vy\u0159e\u0161ili bez pomoci, vzali si v on-line hern\u00edm syst\u00e9mu n\u00e1pov\u011bdu \u010di \u0159e\u0161en\u00ed.\n<ul class=\"wp-block-list\">\n<li>Vy\u0159e\u0161en\u00ed \u00fakolu: <strong>zisk 10 bod\u016f<\/strong>;<\/li>\n\n\n\n<li>N\u00e1pov\u011bda k p\u0159esunu: <strong>-2 body<\/strong> z 10 mo\u017en\u00fdch;<\/li>\n\n\n\n<li>N\u00e1pov\u011bda k \u00fakolu: <strong>-5 bod\u016f<\/strong> z 10 mo\u017en\u00fdch;<\/li>\n\n\n\n<li>P\u0159esko\u010den\u00ed stanovi\u0161t\u011b zobrazen\u00edm\u00a0spr\u00e1vn\u00e9ho \u0159e\u0161en\u00ed: <strong>0 bod\u016f<\/strong>.<\/li>\n<\/ul>\n<\/li>\n<\/ul>\n\n\n\n<ul class=\"wp-block-list\">\n<li>\u00dakoly spolu vz\u00e1jemn\u011b nesouvis\u00ed. Ka\u017ed\u00fd je pot\u0159eba \u0159e\u0161it samostatn\u011b.<\/li>\n\n\n\n<li>\u0158e\u0161en\u00edm \u00fakolu je v\u017edy jedno smyslupln\u00e9 slovo \u2013 v p\u0159\u00edpad\u011b, \u017ee v\u00e1m vyjde v\u011bta (nap\u0159. heslem je strom), zad\u00e1v\u00e1te jen slovo \u201estrom\u201c.<\/li>\n\n\n\n<li>Hern\u00ed syst\u00e9m ignoruje jak velikost p\u00edsmen v heslech, tak i p\u0159\u00edpadnou diakritiku.<\/li>\n\n\n\n<li>Pokud do syst\u00e9mu zad\u00e1te dv\u011b \u0161patn\u00e1 hesla po sob\u011b, dal\u0161\u00ed m\u016f\u017eete zadat a\u017e za 2 minuty.<\/li>\n\n\n\n<li>Ve h\u0159e pou\u017e\u00edv\u00e1me anglickou abecedu o 26 znac\u00edch (CH jsou dv\u011b r\u016fzn\u00e1 p\u00edsmena).<\/li>\n\n\n\n<li>Zad\u00e1n\u00ed z\u00edsk\u00e1te bu\u010f elektronicky v hern\u00edm syst\u00e9mu nebo bude pot\u0159eba, abyste pracovali s hern\u00ed bro\u017eurou. Na takovouto situaci v\u00e1s\u00a0 upozorn\u00edme. V\u0161e ostatn\u00ed, co pot\u0159ebujete k vy\u0159e\u0161en\u00ed \u00fakolu, najdete v bl\u00edzk\u00e9m okol\u00ed nebo si to nesete s sebou.<\/li>\n<\/ul>\n\n\n\n<h2 class=\"wp-block-heading\">P\u0159\u00edb\u011bh<\/h2>\n\n\n\n<p class=\"\">P\u0159i p\u0159esunech a tak\u00e9 na jednotliv\u00fdch stanovi\u0161t\u00edch v\u00e1m bude syst\u00e9m po \u010d\u00e1stech odhalovat p\u0159\u00edb\u011bh. <strong>Text p\u0159\u00edb\u011bhu neobsahuje \u017e\u00e1dn\u00e9 \u0161ifry, ale informace z n\u011bj m\u016f\u017eete p\u0159i \u0159e\u0161en\u00ed jednotliv\u00fdch \u00fakol\u016f vyu\u017e\u00edt.<\/strong>&nbsp;<\/p>\n\n\n\n<h2 class=\"wp-block-heading\">Fair Play<\/h2>\n\n\n\n<p class=\"\">Neprozrazujte pros\u00edm \u0159e\u0161en\u00ed \u00fakol\u016f. Je t\u011b\u017ek\u00e9 m\u00edt radost z objevov\u00e1n\u00ed, kdy\u017e v\u00e1m n\u011bkdo \u0159ekne v\u00fdsledek. Z\u00e1rove\u0148 v\u00e1s pros\u00edme, abyste se ke v\u0161em hern\u00edm prvk\u016fm chovali ohledupln\u011b.<\/p>\n\n\n\n<p class=\"\">P\u0159ejeme p\u0159\u00edjemnou hru!<\/p>\n\n\n\n<p class=\"\"><em>T\u00fdm Cryptomania a M\u011bstsk\u00e9ho muzea a galerie B\u0159eclav<\/em><\/p>\n\n\n                <\/div>\n            <\/div>\n        <\/div>\n    <\/div>","protected":false},"excerpt":{"rendered":"","protected":false},"author":1,"featured_media":0,"parent":0,"menu_order":0,"comment_status":"closed","ping_status":"closed","template":"","meta":{"footnotes":""},"class_list":["post-6","page","type-page","status-publish","hentry"],"_links":{"self":[{"href":"https:\/\/trails.cryptomania.cz\/ztracena-breclav\/wp-json\/wp\/v2\/pages\/6","targetHints":{"allow":["GET"]}}],"collection":[{"href":"https:\/\/trails.cryptomania.cz\/ztracena-breclav\/wp-json\/wp\/v2\/pages"}],"about":[{"href":"https:\/\/trails.cryptomania.cz\/ztracena-breclav\/wp-json\/wp\/v2\/types\/page"}],"author":[{"embeddable":true,"href":"https:\/\/trails.cryptomania.cz\/ztracena-breclav\/wp-json\/wp\/v2\/users\/1"}],"replies":[{"embeddable":true,"href":"https:\/\/trails.cryptomania.cz\/ztracena-breclav\/wp-json\/wp\/v2\/comments?post=6"}],"version-history":[{"count":10,"href":"https:\/\/trails.cryptomania.cz\/ztracena-breclav\/wp-json\/wp\/v2\/pages\/6\/revisions"}],"predecessor-version":[{"id":206,"href":"https:\/\/trails.cryptomania.cz\/ztracena-breclav\/wp-json\/wp\/v2\/pages\/6\/revisions\/206"}],"wp:attachment":[{"href":"https:\/\/trails.cryptomania.cz\/ztracena-breclav\/wp-json\/wp\/v2\/media?parent=6"}],"curies":[{"name":"wp","href":"https:\/\/api.w.org\/{rel}","templated":true}]}}