{"id":100,"date":"2019-05-28T21:35:47","date_gmt":"2019-05-28T19:35:47","guid":{"rendered":"https:\/\/trails.cryptomania.cz\/ztracena-breclav\/?page_id=100"},"modified":"2024-07-31T14:54:48","modified_gmt":"2024-07-31T12:54:48","slug":"o-hre","status":"publish","type":"page","link":"https:\/\/trails.cryptomania.cz\/ztracena-breclav\/o-hre\/","title":{"rendered":"O h\u0159e"},"content":{"rendered":"<div class=\"row justify-content-center lazyblock-cryptomania-basic-column-1CFFIl wp-block-lazyblock-cryptomania-basic-column\">\n        <div class=\"col col-lg-10 col-xl-8 col-xxl-8\">\n            <div class=\"row\">\n                \n\n<p class=\"is-style-text-perex text-perex\">Rudolf Zaoral, t\u011b\u0161\u00ed mne. \u017de v\u00e1m moje jm\u00e9no nic ne\u0159\u00edk\u00e1? V B\u0159eclavi jsem p\u016fsobil jako n\u00e1dra\u017en\u00ed velitel, \u010dlen m\u011bstsk\u00e9ho zastupitelstva a starosta. O B\u0159eclavi v\u00edm mnoh\u00e9, a proto v\u00e1m s radost\u00ed budu d\u011blat pr\u016fvodce.<\/p>\n\n\n\n<p class=\"is-style-text-perex text-perex\">Pro\u017eil jsem v B\u0159eclavi, kdysi zn\u00e1m\u00e9 sp\u00ed\u0161e pod n\u011bmeck\u00fdm jm\u00e9nem Lundenburg, v\u011bt\u0161inu sv\u00e9ho \u017eivota. Byl jsem u toho, kdy\u017e se z B\u0159eclavi stal&nbsp;<strong>spletit\u00fd \u017eelezni\u010dn\u00ed uzel<\/strong>, kdy\u017e se&nbsp;<strong>m\u011bnilo koryto Dyje<\/strong>, kdy\u017e na m\u011bsto&nbsp;<strong>padaly bomby<\/strong>&nbsp;za 2. sv\u011btov\u00e9 v\u00e1lky. M\u011bsto m\u00e9ho d\u011btstv\u00ed a m\u011bsto m\u00e9ho st\u00e1\u0159\u00ed p\u0159ipom\u00edn\u00e1&nbsp;<strong>dv\u011b r\u016fzn\u00e1 m\u00edsta<\/strong>! A b\u011bh d\u011bjin ur\u010dit\u011b zm\u011bnil mnoh\u00e9 i do va\u0161ich dob.<\/p>\n\n\n\n<p class=\"is-style-text-perex text-perex\">Vydejte se se mnou na proch\u00e1zku m\u011bstem s&nbsp;<strong>venkovn\u00ed \u0161ifrovac\u00ed hrou Ztracen\u00e1 B\u0159eclav<\/strong>. Uk\u00e1\u017eu v\u00e1m, kde se zub \u010dasu zakousl opravdu d\u016fkladn\u011b\u2026<\/p>\n\n\n<div class=\"col-12 col-lg-6 lazyblock-cryptomania-half-column-ZkxaDS wp-block-lazyblock-cryptomania-half-column\">\n                <div class=\"lazyblock-inner-blocks\">\n\n<h2 class=\"wp-block-heading\">Jak hra funguje?<\/h2>\n\n\n\n<p class=\"\">V\u00a0na\u0161\u00ed h\u0159e se vyd\u00e1te spole\u010dn\u011b s Rudolfem Zaoralem sou\u010dasnou i historickou B\u0159eclav\u00ed.\u00a0<strong>V t\u00fdmu o 2\u20135 hr\u00e1\u010d\u00edch\u00a0<\/strong>b\u011bhem n\u00ed projdete centrum m\u011bsta.\u00a0<strong>Na 4 stanovi\u0161t\u00edch hry (a jednom bonusu)<\/strong>\u00a0se dozv\u00edte n\u011bco m\u00e1lo z toho, \u010d\u00edm v\u0161\u00edm si B\u0159eclav v minulosti pro\u0161la. \u010cekaj\u00ed v\u00e1s\u00a0<strong>\u0161ifry, logick\u00e9 \u00falohy a\u00a0z\u00edsk\u00e1v\u00e1n\u00ed hesel<\/strong>.<\/p>\n\n\n\n<p class=\"\">V\u017edy po zad\u00e1n\u00ed spr\u00e1vn\u00e9ho hesla do online hern\u00edho syst\u00e9mu se dozv\u00edte polohu dal\u0161\u00edho stanovi\u0161t\u011b. Ke h\u0159e tedy pot\u0159ebujete alespo\u0148 jeden&nbsp;<strong>telefon s p\u0159ipojen\u00edm k internetu<\/strong>.<\/p>\n\n\n\n<h2 class=\"wp-block-heading\">Pro koho je hra ur\u010dena<\/h2>\n\n\n\n<p class=\"\"><strong>Hra je ur\u010dena pro 2\u20135\u010dlenn\u00e9 t\u00fdmy. Je vhodn\u00e1 jak pro t\u00fdmy hrav\u00fdch dosp\u011bl\u00fdch, tak pro rodiny s d\u011btmi.<\/strong>&nbsp;Naplno si ji u\u017eij\u00ed d\u011bti cca od 10 let, nicm\u00e9n\u011b \u0161ikovn\u00ed rodi\u010de, u\u010ditel\u00e9 \u010di odd\u00edlov\u00ed vedouc\u00ed zapoj\u00ed ur\u010dit\u011b i mlad\u0161\u00ed d\u011bti.<\/p>\n\n\n\n<p class=\"\">V&nbsp;p\u0159\u00edpad\u011b, \u017ee hru bude hr\u00e1t t\u00fdm d\u011bt\u00ed bez dosp\u011bl\u00fdch, doporu\u010dujeme ji d\u011btem cca od 14 let.&nbsp;<\/p>\n\n<\/div>\n    <\/div>\n\n<div class=\"col-12 col-lg-6 lazyblock-cryptomania-half-column-j2pY wp-block-lazyblock-cryptomania-half-column\">\n                <div class=\"lazyblock-inner-blocks\">\n<div class=\"bg-sidebox-light p-4 mb-3 rounded-4 lazyblock-cryptomania-gray-box-s5HK9 wp-block-lazyblock-cryptomania-gray-box\">\n                <div class=\"lazyblock-inner-blocks\">\n\n<figure class=\"wp-block-image size-full\"><img loading=\"lazy\" decoding=\"async\" width=\"800\" height=\"680\" src=\"https:\/\/trails.cryptomania.cz\/ztracena-breclav\/wp-content\/uploads\/sites\/54\/2024\/07\/ztracena_breclav_small.png\" alt=\"\" class=\"wp-image-185\" srcset=\"https:\/\/trails.cryptomania.cz\/ztracena-breclav\/wp-content\/uploads\/sites\/54\/2024\/07\/ztracena_breclav_small.png 800w, https:\/\/trails.cryptomania.cz\/ztracena-breclav\/wp-content\/uploads\/sites\/54\/2024\/07\/ztracena_breclav_small-300x255.png 300w, https:\/\/trails.cryptomania.cz\/ztracena-breclav\/wp-content\/uploads\/sites\/54\/2024\/07\/ztracena_breclav_small-768x653.png 768w\" sizes=\"auto, (max-width: 800px) 100vw, 800px\" \/><\/figure>\n\n<\/div>\n    <\/div>\n<\/div>\n    <\/div>\n\n            <\/div>\n        <\/div>\n    <\/div>\n\n<div class=\"row justify-content-center lazyblock-cryptomania-text-column-Z2fff3E wp-block-lazyblock-cryptomania-text-column\">\n        <div class=\"col col-lg-10 col-xl-8 col-xxl-8\">\n            <div class=\"row\">\n                <div class=\"col-12 col-lg-8 text-bigger mb-3 mt-2\">\n                    \n\n<h2 class=\"wp-block-heading\"><strong>Kde hra za\u010d\u00edn\u00e1?<\/strong><\/h2>\n\n\n\n<p class=\"\">Hra za\u010d\u00edn\u00e1 v B\u0159eclavi, u budovy cyklo pavilonu ve st\u0159edu sad\u016f 28. \u0159\u00edjna.<\/p>\n\n\n                <\/div>\n            <\/div>\n        <\/div>\n    <\/div>\n\n<div class=\"row justify-content-center lazyblock-cryptomania-basic-column-Z1uXLXO wp-block-lazyblock-cryptomania-basic-column\">\n        <div class=\"col col-lg-10 col-xl-8 col-xxl-8\">\n            <div class=\"row\">\n                \n<div style='position: relative;'><div title='48.7544911\u00b0N, 16.8911700\u00b0E' id='m14380' style='width: 100%; height: 400px;'><\/div><\/div><p class='text-end'><small><a href='https:\/\/mapy.cz\/turisticka?source=coor&id=16.89117%2C48.7544911&ds=2&x=16.89117&y=48.7544911&z=17' target='_blank'>Zobrazit na mapy.cz<\/a><\/small><\/p>\n\n\n            <\/div>\n        <\/div>\n    <\/div>\n\n<div class=\"row justify-content-center lazyblock-cryptomania-text-column-Z2uPD4H wp-block-lazyblock-cryptomania-text-column\">\n        <div class=\"col col-lg-10 col-xl-8 col-xxl-8\">\n            <div class=\"row\">\n                <div class=\"col-12 col-lg-8 text-bigger mb-3 mt-2\">\n                    \n\n<h2 class=\"wp-block-heading\">Jak dlouho hra trv\u00e1?<\/h2>\n\n\n\n<p class=\"\">Hra Ztracen\u00e1 B\u0159eclav obsahuje 4 stanovi\u0161t\u011b vlastn\u00ed hry (a jeden bonus) a m\u00e1 d\u00e9lku 2,5 km. Mysl\u00edme si, \u017ee hru je mo\u017en\u00e9 zvl\u00e1dnout n\u011bco p\u0159es hodinu. Pokud v\u00e1s zaj\u00edm\u00e1, jak hru zvl\u00e1dly ostatn\u00ed t\u00fdmy, pod\u00edvejte se na jejich\u00a0<a href=\"https:\/\/trails.cryptomania.cz\/ztracena-breclav\/vysledky\/\" data-type=\"page\" data-id=\"5\">v\u00fdsledky<\/a>.<\/p>\n\n\n                <\/div>\n            <\/div>\n        <\/div>\n    <\/div>\n\n<div class=\"row justify-content-center lazyblock-cryptomania-basic-column-Z1mLyi8 wp-block-lazyblock-cryptomania-basic-column\">\n        <div class=\"col col-lg-10 col-xl-8 col-xxl-8\">\n            <div class=\"row\">\n                \n<div class=\"col-12 col-lg-6 lazyblock-cryptomania-half-column-2kTWMJ wp-block-lazyblock-cryptomania-half-column\">\n                <div class=\"lazyblock-inner-blocks\">\n\n<h2 class=\"wp-block-heading\" id=\"pt-4\">Co je ke h\u0159e pot\u0159eba?<\/h2>\n\n\n\n<ol class=\"wp-block-list\">\n<li>P\u0159e\u010d\u00edst si\u00a0<a href=\"https:\/\/trails.cryptomania.cz\/ztracena-breclav\/pravidla-hry\/\" data-type=\"page\" data-id=\"39\">pravidla hry,<\/a><\/li>\n\n\n\n<li>m\u00edt v t\u00fdmu alespo\u0148 1 chytr\u00fd telefon s p\u0159ipojen\u00edm na internet,<\/li>\n\n\n\n<li>vz\u00edt si s sebou psac\u00ed pot\u0159eby,<\/li>\n\n\n\n<li>vyzvednout si hern\u00ed bro\u017euru  (<em>p\u0159e\u010dt\u011bte si v r\u00e1me\u010dku\u00a0kde<\/em>),<\/li>\n\n\n\n<li><a href=\"https:\/\/trails.cryptomania.cz\/ztracena-breclav\/register\/\" data-type=\"page\" data-id=\"11\">zaregistrovat t\u00fdm<\/a>\u00a0do hry.\u00a0<\/li>\n<\/ol>\n\n<\/div>\n    <\/div>\n\n<div class=\"col-12 col-lg-6 lazyblock-cryptomania-half-column-jpdrR wp-block-lazyblock-cryptomania-half-column\">\n                <div class=\"lazyblock-inner-blocks\">\n<div class=\"bg-sidebox-light p-4 mb-3 rounded-4 lazyblock-cryptomania-gray-box-Z5R6H3 wp-block-lazyblock-cryptomania-gray-box\">\n                <div class=\"lazyblock-inner-blocks\">\n\n<h2 class=\"wp-block-heading\">Kde z\u00edsk\u00e1te hern\u00ed bro\u017euru?<\/h2>\n\n\n\n<ul class=\"wp-block-list\">\n<li>v Turistick\u00e9m informa\u010dn\u00edm centru v B\u0159eclavi<br>(U Tr\u017ei\u0161t\u011b 324\/8, B\u0159eclav &#8211; <a href=\"https:\/\/mapy.cz\/s\/ramukoboke\">mapa<\/a>)<\/li>\n\n\n\n<li>v pavilonu v parku<br>(ve st\u0159edu sad\u016f 28. \u0159\u00edjna v B\u0159eclavi &#8211; <a href=\"https:\/\/mapy.cz\/s\/bojebuvace\">mapa<\/a>)<\/li>\n\n\n\n<li>p\u0159i n\u00e1v\u0161t\u011bv\u011b objekt\u016f MMG B\u0159eclav (muzeum pod vod\u00e1rnou, synagoga a Pohansko)<\/li>\n<\/ul>\n\n\n\n<h2 class=\"wp-block-heading\">Chcete si bro\u017euru vytisknout?<\/h2>\n\n\n\n<p class=\"\">V takov\u00e9m p\u0159\u00edpad\u011b jsme ji pro v\u00e1s p\u0159ipravili v n\u00e1sleduj\u00edc\u00edch form\u00e1tech:<\/p>\n\n\n\n<ul class=\"wp-block-list\">\n<li><strong><a href=\"https:\/\/trails.cryptomania.cz\/ztracena-breclav\/wp-content\/uploads\/sites\/54\/2021\/04\/ztracenabreclav-brozuraA5.pdf\">Jako bro\u017euru A5<\/a><\/strong><\/li>\n\n\n\n<li><strong><a href=\"https:\/\/trails.cryptomania.cz\/ztracena-breclav\/wp-content\/uploads\/sites\/54\/2021\/04\/ztracenabreclav-brozuraA4.pdf\">Jako pap\u00edry A4<\/a><\/strong><\/li>\n<\/ul>\n\n<\/div>\n    <\/div>\n<\/div>\n    <\/div>\n\n            <\/div>\n        <\/div>\n    <\/div>\n\n<div class=\"row justify-content-center lazyblock-cryptomania-text-column-Z1F23zv wp-block-lazyblock-cryptomania-text-column\">\n        <div class=\"col col-lg-10 col-xl-8 col-xxl-8\">\n            <div class=\"row\">\n                <div class=\"col-12 col-lg-8 text-bigger mb-3 mt-2\">\n                    \n\n<h2 class=\"wp-block-heading\">Kdo hru vytvo\u0159il?<\/h2>\n\n\n\n<p class=\"\">Origin\u00e1ln\u00ed \u0161ifrovac\u00ed hru pro v\u00e1s p\u0159ipravilo <a href=\"https:\/\/www.muzeumbv.cz\/\">M\u011bstsk\u00e9 muzeum a galerie B\u0159eclav<\/a> ve spolupr\u00e1ci s\u00a0<a href=\"https:\/\/www.cryptomania.cz\/\">Cryptomania s.r.o.<\/a><\/p>\n\n\n\n<p class=\"\">Pokud m\u00e1te ohledn\u011b hry n\u011bjak\u00e9 ot\u00e1zky, nev\u00e1hejte\u00a0<a href=\"https:\/\/trails.cryptomania.cz\/ztracena-breclav\/contacts\/\" data-type=\"page\" data-id=\"7\">n\u00e1s kontaktovat<\/a>.<\/p>\n\n\n\n<p class=\"\">P\u0159ejeme p\u0159\u00edjemnou hru!<\/p>\n\n\n                <\/div>\n            <\/div>\n        <\/div>\n    <\/div>\n\n\n<p class=\"\"><\/p>\n","protected":false},"excerpt":{"rendered":"","protected":false},"author":1,"featured_media":0,"parent":0,"menu_order":0,"comment_status":"closed","ping_status":"closed","template":"","meta":{"footnotes":""},"class_list":["post-100","page","type-page","status-publish","hentry"],"_links":{"self":[{"href":"https:\/\/trails.cryptomania.cz\/ztracena-breclav\/wp-json\/wp\/v2\/pages\/100","targetHints":{"allow":["GET"]}}],"collection":[{"href":"https:\/\/trails.cryptomania.cz\/ztracena-breclav\/wp-json\/wp\/v2\/pages"}],"about":[{"href":"https:\/\/trails.cryptomania.cz\/ztracena-breclav\/wp-json\/wp\/v2\/types\/page"}],"author":[{"embeddable":true,"href":"https:\/\/trails.cryptomania.cz\/ztracena-breclav\/wp-json\/wp\/v2\/users\/1"}],"replies":[{"embeddable":true,"href":"https:\/\/trails.cryptomania.cz\/ztracena-breclav\/wp-json\/wp\/v2\/comments?post=100"}],"version-history":[{"count":13,"href":"https:\/\/trails.cryptomania.cz\/ztracena-breclav\/wp-json\/wp\/v2\/pages\/100\/revisions"}],"predecessor-version":[{"id":216,"href":"https:\/\/trails.cryptomania.cz\/ztracena-breclav\/wp-json\/wp\/v2\/pages\/100\/revisions\/216"}],"wp:attachment":[{"href":"https:\/\/trails.cryptomania.cz\/ztracena-breclav\/wp-json\/wp\/v2\/media?parent=100"}],"curies":[{"name":"wp","href":"https:\/\/api.w.org\/{rel}","templated":true}]}}