{"id":83,"date":"2022-11-03T13:21:59","date_gmt":"2022-11-03T12:21:59","guid":{"rendered":"https:\/\/trails.cryptomania.cz\/susice\/?page_id=83"},"modified":"2023-09-27T11:42:50","modified_gmt":"2023-09-27T09:42:50","slug":"o-hre","status":"publish","type":"page","link":"https:\/\/trails.cryptomania.cz\/susice\/o-hre\/","title":{"rendered":"O h\u0159e"},"content":{"rendered":"<div class=\"lazyblock-cryptorace-perex-Z1aNUE wp-block-lazyblock-cryptorace-perex\"><div class=\"row mb-4\">\n    <div class=\"col col-lg-10 col-xxl-8 offset-lg-1 offset-xxl-2 text-perex\">\n        <p>Byli jste n\u011bkdy v\u00a0Su\u0161ici? Pokud ne, tak ji doporu\u010dujeme nav\u0161t\u00edvit! M\u011bsto <strong>Su\u0161ice<\/strong> le\u017e\u00ed v\u00a0\u0161umavsk\u00e9m podh\u016f\u0159\u00ed na obou b\u0159ez\u00edch zlatonosn\u00e9 \u0159eky Otavy a\u00a0obklopuj\u00ed ho kopce Svatoborsk\u00e9 vrchoviny. M\u011bsto ukr\u00fdv\u00e1 nejednu zaj\u00edmavost, a\u00a0to nejen v\u00a0muzeu, kde jsou expozice v\u011bnovan\u00e9 sirka\u0159stv\u00ed nebo tradi\u010dn\u00edmu skl\u00e1\u0159stv\u00ed. Najdete tu zaj\u00edmav\u00e9 m\u011b\u0161\u0165ansk\u00e9 domy, kostely s\u00a0pohnutou histori\u00ed i\u00a0pam\u00e1tn\u00edky a\u00a0pam\u011btn\u00ed desky, kter\u00e9 motaly hlavu \u00fa\u0159ad\u016fm v\u00a0dob\u00e1ch minul\u00fdch.<\/p>    <\/div>\n<\/div>\n<\/div>\n\n<div class=\"lazyblock-cryptorace-two-cols-box-Z1P3Lex wp-block-lazyblock-cryptorace-two-cols-box\"><div class=\"row mb-3\">\n    <div class=\"col col-md-6 col-lg-5 col-xxl-4 offset-lg-1 offset-xxl-2\">\n        <h2>Jak hra funguje?<\/h2>\n<p>V\u00a0na\u0161\u00ed h\u0159e se vyd\u00e1te po stop\u00e1ch fiktivn\u00ed <strong>su\u0161ick\u00e9 \u00famluvy<\/strong> s duchem \u0160umavy, kter\u00e1 m\u011bla zaji\u0161\u0165ovat m\u00edstn\u00edm lidem dostatek p\u0159\u00edrodn\u00edch zdroj\u016f z okoln\u00edch les\u016f a \u0159eky. <strong>V t\u00fdmu o 2\u20135 hr\u00e1\u010d\u00edch\u00a0<\/strong>b\u011bhem n\u00ed projdete historick\u00e9 centrum m\u011bsta. <strong>Na 7 stanovi\u0161t\u00edch<\/strong> se dozv\u00edte n\u011bco m\u00e1lo z toho, co Su\u0161ice ukr\u00fdv\u00e1 ve skute\u010dnosti. \u010cekaj\u00ed v\u00e1s <strong>\u0161ifry, logick\u00e9 \u00falohy a\u00a0z\u00edsk\u00e1v\u00e1n\u00ed hesel<\/strong>.<\/p>\n<p>V\u017edy po zad\u00e1n\u00ed spr\u00e1vn\u00e9ho hesla do online hern\u00edho syst\u00e9mu se dozv\u00edte polohu dal\u0161\u00edho stanovi\u0161t\u011b. Ke h\u0159e tedy pot\u0159ebujete alespo\u0148 jeden <strong>telefon s p\u0159ipojen\u00edm k internetu<\/strong>.<\/p>\n<h2>Pro koho je hra ur\u010dena<\/h2>\n<p><!-- \/wp:heading --> <!-- wp:paragraph --><\/p>\n<p><strong>Hra je ur\u010dena pro 2\u20135\u010dlenn\u00e9 t\u00fdmy. Je vhodn\u00e1 jak pro t\u00fdmy hrav\u00fdch dosp\u011bl\u00fdch, tak pro rodiny s d\u011btmi.<\/strong> Naplno si ji u\u017eij\u00ed d\u011bti cca od 10 let, nicm\u00e9n\u011b \u0161ikovn\u00ed rodi\u010de, u\u010ditel\u00e9 \u010di odd\u00edlov\u00ed vedouc\u00ed zapoj\u00ed ur\u010dit\u011b i mlad\u0161\u00ed d\u011bti.<\/p>\n<p><!-- \/wp:paragraph --> <!-- wp:paragraph --><\/p>\n<p>V\u00a0p\u0159\u00edpad\u011b, \u017ee hru bude hr\u00e1t t\u00fdm d\u011bt\u00ed bez dosp\u011bl\u00fdch, doporu\u010dujeme ji d\u011btem cca od 14 let.\u00a0<\/p>    <\/div>\n    <div class=\"col-12 col-md-6 col-lg-5 col-xxl-4\">\n        <div class=\"bg-box1 p-4 mb-3\">\n            <p><img loading=\"lazy\" decoding=\"async\" class=\"img-fluid alignnone wp-image-270 size-full\" src=\"https:\/\/trails.cryptomania.cz\/susice\/wp-content\/uploads\/sites\/89\/2023\/02\/fotografie-susice-do-prehledu-her.png\" alt=\"\" width=\"800\" height=\"680\" srcset=\"https:\/\/trails.cryptomania.cz\/susice\/wp-content\/uploads\/sites\/89\/2023\/02\/fotografie-susice-do-prehledu-her.png 800w, https:\/\/trails.cryptomania.cz\/susice\/wp-content\/uploads\/sites\/89\/2023\/02\/fotografie-susice-do-prehledu-her-300x255.png 300w, https:\/\/trails.cryptomania.cz\/susice\/wp-content\/uploads\/sites\/89\/2023\/02\/fotografie-susice-do-prehledu-her-768x653.png 768w\" sizes=\"auto, (max-width: 800px) 100vw, 800px\" \/><\/p>        <\/div>\n    <\/div>\n<\/div>\n<\/div>\n\n<div class=\"lazyblock-cryptorace-text-1beXiA wp-block-lazyblock-cryptorace-text\"><div class=\"row\">\n    <div class=\"col col-md-7 col-lg-6 col-xxl-5 offset-lg-1 offset-xxl-2\">\n        <h2>Kde hra za\u010d\u00edn\u00e1?<\/h2>\n<p><!-- \/wp:heading --> <!-- wp:paragraph --><\/p>\n<p>Hra za\u010d\u00edn\u00e1 u\u00a0Su\u0161ick\u00e9ho kulturn\u00edho centra Sirkus, adresa P\u0159\u00edkopy 178, Su\u0161ice.<\/p>    <\/div>\n<\/div>\n<\/div>\n\n<div class=\"lazyblock-cryptorace-perex-oh6HB wp-block-lazyblock-cryptorace-perex\"><div class=\"row mb-4\">\n    <div class=\"col col-lg-10 col-xxl-8 offset-lg-1 offset-xxl-2 text-perex\">\n        <div style='position: relative;'><div title='49.2310675\u00b0N, 13.5171494\u00b0E' id='m50189' style='width: 100%; height: 400px;'><\/div><\/div><p class='text-end'><small><a href='https:\/\/mapy.cz\/turisticka?source=coor&id=13.5171494%2C49.2310675&ds=2&x=13.5171494&y=49.2310675&z=17' target='_blank'>Zobrazit na mapy.cz<\/a><\/small><\/p>    <\/div>\n<\/div>\n<\/div>\n\n<div class=\"lazyblock-cryptorace-text-XbK92 wp-block-lazyblock-cryptorace-text\"><div class=\"row\">\n    <div class=\"col col-md-7 col-lg-6 col-xxl-5 offset-lg-1 offset-xxl-2\">\n        <h2>Jak dlouho hra trv\u00e1?<\/h2>\n<p><!-- \/wp:heading --> <!-- wp:paragraph --><\/p>\n<p>Hra Z\u00e1hada su\u0161ick\u00e9 \u00famluvy obsahuje 7 stanovi\u0161\u0165 a m\u00e1 d\u00e9lku 2,5 km. Mysl\u00edme si, \u017ee hru je mo\u017en\u00e9 zvl\u00e1dnout n\u011bco p\u0159es dv\u011b hodiny. Pokud v\u00e1s zaj\u00edm\u00e1, jak hru zvl\u00e1dly ostatn\u00ed t\u00fdmy, pod\u00edvejte se na jejich <a href=\"https:\/\/trails.cryptomania.cz\/susice\/vysledky-tymu\/\">v\u00fdsledky<\/a>.<\/p>    <\/div>\n<\/div>\n<\/div>\n\n<div class=\"lazyblock-cryptorace-two-cols-box-1K7hhD wp-block-lazyblock-cryptorace-two-cols-box\"><div class=\"row mb-3\">\n    <div class=\"col col-md-6 col-lg-5 col-xxl-4 offset-lg-1 offset-xxl-2\">\n        <h2>Co je ke h\u0159e pot\u0159eba?<\/h2>\n<ol>\n<li>P\u0159e\u010d\u00edst si <a href=\"https:\/\/trails.cryptomania.cz\/susice\/pravidla\/\">pravidla hry,<\/a><\/li>\n<li>m\u00edt\u00a0 v t\u00fdmu alespo\u0148 1 chytr\u00fd telefon s p\u0159ipojen\u00edm na internet,<\/li>\n<li>vz\u00edt si s sebou psac\u00ed pot\u0159eby,<\/li>\n<li>vyzvednout si hern\u00ed materi\u00e1ly (<em>p\u0159e\u010dt\u011bte si v r\u00e1me\u010dku jak\u00e9 a\u00a0kde<\/em>),<\/li>\n<li><a href=\"https:\/\/trails.cryptomania.cz\/susice\/registrace\/\">zaregistrovat t\u00fdm <\/a>do hry.\u00a0<\/li>\n<\/ol>    <\/div>\n    <div class=\"col-12 col-md-6 col-lg-5 col-xxl-4\">\n        <div class=\"bg-box1 p-4 mb-3\">\n            <h2>Kde z\u00edsk\u00e1te hern\u00ed materi\u00e1ly?<\/h2>\n<ul>\n<li>V <a href=\"https:\/\/www.mestosusice.cz\/icsusice\/\" target=\"_blank\" rel=\"noopener\">M\u011bstsk\u00e9m informa\u010dn\u00edm centru Su\u0161ice<\/a><br \/>(Po\u0161tovn\u00ed 10, Su\u0161ice \u2013 <a href=\"https:\/\/mapy.cz\/s\/dofovoraza\" target=\"_blank\" rel=\"noopener\">mapa<\/a>)<\/li>\n<li>V kancel\u00e1\u0159i <a href=\"https:\/\/www.kulturasusice.cz\/kontakty\/\" target=\"_blank\" rel=\"noopener\">Su\u0161ick\u00e9ho kulturn\u00edho centra Sirkus<\/a><br \/>(P\u0159\u00edkopy 178, Su\u0161ice \u2013 <a href=\"https:\/\/mapy.cz\/s\/cahucotefo\" target=\"_blank\" rel=\"noopener\">mapa<\/a>)<\/li>\n<\/ul>\n<h2>Co obsahuj\u00ed?<\/h2>\n<ul>\n<li><strong>Hern\u00ed bro\u017euru<\/strong> s\u00a0pravidly a\u00a0podklady k jednotliv\u00fdm \u00fakol\u016fm,<\/li>\n<li><strong>1 krabi\u010dku sirek, <\/strong>bez kter\u00fdch se ve h\u0159e neobejdete.<\/li>\n<\/ul>        <\/div>\n    <\/div>\n<\/div>\n<\/div>\n\n<div class=\"lazyblock-cryptorace-text-Z2b1l4H wp-block-lazyblock-cryptorace-text\"><div class=\"row\">\n    <div class=\"col col-md-7 col-lg-6 col-xxl-5 offset-lg-1 offset-xxl-2\">\n        <h2>Kdo hru vytvo\u0159il?<\/h2>\n<p><!-- \/wp:heading --> <!-- wp:paragraph --><\/p>\n<p>Origin\u00e1ln\u00ed \u0161ifrovac\u00ed hru pro v\u00e1s p\u0159ipravilo <a href=\"https:\/\/www.kulturasusice.cz\/kontakty\/\" target=\"_blank\" rel=\"noopener\">Su\u0161ick\u00e9 kulturn\u00ed centrum Sirkus<\/a> ve spolupr\u00e1ci s\u00a0<a href=\"https:\/\/www.cryptomania.cz\/\">Cryptomania s.r.o.<\/a><\/p>\n<p><!-- \/wp:paragraph --> <!-- wp:paragraph --><\/p>\n<p>Pokud m\u00e1te ohledn\u011b hry n\u011bjak\u00e9 ot\u00e1zky, nev\u00e1hejte <a href=\"https:\/\/trails.cryptomania.cz\/susice\/kontakt\/\">n\u00e1s kontaktovat<\/a>.<\/p>\n<p><!-- \/wp:paragraph --> <!-- wp:paragraph --><\/p>\n<p>P\u0159ejeme p\u0159\u00edjemnou hru!<\/p>    <\/div>\n<\/div>\n<\/div>","protected":false},"excerpt":{"rendered":"","protected":false},"author":30809,"featured_media":0,"parent":0,"menu_order":0,"comment_status":"closed","ping_status":"closed","template":"","meta":{"footnotes":""},"class_list":["post-83","page","type-page","status-publish","hentry"],"_links":{"self":[{"href":"https:\/\/trails.cryptomania.cz\/susice\/wp-json\/wp\/v2\/pages\/83","targetHints":{"allow":["GET"]}}],"collection":[{"href":"https:\/\/trails.cryptomania.cz\/susice\/wp-json\/wp\/v2\/pages"}],"about":[{"href":"https:\/\/trails.cryptomania.cz\/susice\/wp-json\/wp\/v2\/types\/page"}],"author":[{"embeddable":true,"href":"https:\/\/trails.cryptomania.cz\/susice\/wp-json\/wp\/v2\/users\/30809"}],"replies":[{"embeddable":true,"href":"https:\/\/trails.cryptomania.cz\/susice\/wp-json\/wp\/v2\/comments?post=83"}],"version-history":[{"count":37,"href":"https:\/\/trails.cryptomania.cz\/susice\/wp-json\/wp\/v2\/pages\/83\/revisions"}],"predecessor-version":[{"id":286,"href":"https:\/\/trails.cryptomania.cz\/susice\/wp-json\/wp\/v2\/pages\/83\/revisions\/286"}],"wp:attachment":[{"href":"https:\/\/trails.cryptomania.cz\/susice\/wp-json\/wp\/v2\/media?parent=83"}],"curies":[{"name":"wp","href":"https:\/\/api.w.org\/{rel}","templated":true}]}}