{"id":120,"date":"2016-03-03T11:04:50","date_gmt":"2016-03-03T10:04:50","guid":{"rendered":"http:\/\/trails.cryptomania.cz\/radnice\/?page_id=120"},"modified":"2025-10-24T18:02:52","modified_gmt":"2025-10-24T16:02:52","slug":"pravidla-hry","status":"publish","type":"page","link":"https:\/\/trails.cryptomania.cz\/radnice\/pravidla-hry\/","title":{"rendered":"Pravidla"},"content":{"rendered":"<div class=\"row justify-content-center lazyblock-cryptomania-basic-column-Z2uaLVv wp-block-lazyblock-cryptomania-basic-column\">\n        <div class=\"col col-lg-10 col-xl-8 col-xxl-8\">\n            <div class=\"row\">\n                \n\n<p class=\"is-style-text-perex text-perex\">Abyste si \u0161ifrovac\u00ed hru <strong>Tajemstv\u00ed Star\u00e9 radnice<\/strong> mohli u\u017e\u00edt, doporu\u010dujeme pe\u010dliv\u011b proj\u00edt n\u00e1sleduj\u00edc\u00ed pravidla. Nen\u00ed jich mnoho, ale jejich p\u0159e\u010dten\u00ed v\u00e1m pom\u016f\u017ee k lep\u0161\u00edmu hern\u00edmu z\u00e1\u017eitku.<\/p>\n\n\n            <\/div>\n        <\/div>\n    <\/div>\n\n<div class=\"row justify-content-center lazyblock-cryptomania-text-column-Z4kbFH wp-block-lazyblock-cryptomania-text-column\">\n        <div class=\"col col-lg-10 col-xl-8 col-xxl-8\">\n            <div class=\"row\">\n                <div class=\"col-12 col-lg-8 text-bigger mb-3 mt-2\">\n                    \n\n<h2 class=\"wp-block-heading\">Nejd\u016fle\u017eit\u011bj\u0161\u00ed pravidla<\/h2>\n\n\n\n<ol class=\"wp-block-list\">\n<li><strong>Hra je \u0159\u00edzena pomoc\u00ed hern\u00edho syst\u00e9mu<\/strong>&nbsp;na t\u011bchto str\u00e1nk\u00e1ch.<\/li>\n\n\n\n<li>K p\u0159ihl\u00e1\u0161en\u00ed do hern\u00edho syst\u00e9mu je pot\u0159eba nejd\u0159\u00edve&nbsp;<a href=\"https:\/\/trails.cryptomania.cz\/radnice\/registrace\/\">zaregistrovat sv\u016fj t\u00fdm<\/a>. Pot\u0159ebujeme zn\u00e1t jen e-mail, na kter\u00fd v\u00e1m p\u0159ijdou p\u0159ihla\u0161ovac\u00ed \u00fadaje, a n\u011bjak\u00fd \u00fadern\u00fd n\u00e1zev va\u0161eho t\u00fdmu.&nbsp;<\/li>\n\n\n\n<li><strong>V hern\u00edm syst\u00e9mu najdete v\u0161echny d\u016fle\u017eit\u00e9 pokyny<\/strong>&nbsp;a tak\u00e9 do n\u011bj budete zad\u00e1vat v\u0161echna hesla, kter\u00e1 b\u011bhem hry z\u00edsk\u00e1te.<\/li>\n\n\n\n<li>Ke h\u0159e pot\u0159ebujete krom\u011b hern\u00edho syst\u00e9mu tak\u00e9&nbsp;<strong>hern\u00ed bro\u017euru<\/strong>&nbsp;(v r\u00e1me\u010dku n\u00ed\u017ee zjist\u00edte, jak ji z\u00edskat),&nbsp;<strong>nabit\u00fd chytr\u00fd telefon s p\u0159ipojen\u00edm k internetu, pap\u00edr a tu\u017eku<\/strong>.<\/li>\n\n\n\n<li>Hra fyzicky za\u010d\u00edn\u00e1 u Star\u00e9 radnice na ulici Radnick\u00e1 8. Hra se spust\u00ed zad\u00e1n\u00edm&nbsp;<strong>p\u0159\u00edstupov\u00e9ho k\u00f3du&nbsp;z hern\u00ed bro\u017eury<\/strong>&nbsp;do prvn\u00edho stanovi\u0161t\u011b.<\/li>\n<\/ol>\n\n\n                <\/div>\n            <\/div>\n        <\/div>\n    <\/div>\n\n<div class=\"row justify-content-center lazyblock-cryptomania-basic-column-Z9Xcrw wp-block-lazyblock-cryptomania-basic-column\">\n        <div class=\"col col-lg-10 col-xl-8 col-xxl-8\">\n            <div class=\"row\">\n                \n<div class=\"col-12 col-lg-6 lazyblock-cryptomania-half-column-Zyq83V wp-block-lazyblock-cryptomania-half-column\">\n                <div class=\"lazyblock-inner-blocks\">\n\n<h2 class=\"wp-block-heading\">Sch\u00e9ma hry<\/h2>\n\n\n\n<ul class=\"wp-block-list\">\n<li>Hra obsahuje&nbsp;<strong>7 stanovi\u0161\u0165.<\/strong><\/li>\n\n\n\n<li>Na ka\u017ed\u00e9m stanovi\u0161ti na v\u00e1s \u010dek\u00e1&nbsp;<strong>v\u017edy jeden \u00fakol<\/strong>.<\/li>\n\n\n\n<li>Stanovi\u0161t\u011b hry jsou o\u010d\u00edslov\u00e1na od 1 a je mo\u017en\u00e9 je nav\u0161t\u00edvit\u00a0<strong>pouze v dan\u00e9m po\u0159ad\u00ed<\/strong>.<\/li>\n<\/ul>\n\n<\/div>\n    <\/div>\n\n<div class=\"col-12 col-lg-6 lazyblock-cryptomania-half-column-ZQQjfG wp-block-lazyblock-cryptomania-half-column\">\n                <div class=\"lazyblock-inner-blocks\">\n<div class=\"bg-sidebox-light p-4 mb-3 rounded-4 lazyblock-cryptomania-gray-box-2ljtb9 wp-block-lazyblock-cryptomania-gray-box\">\n                <div class=\"lazyblock-inner-blocks\">\n\n<h2 class=\"wp-block-heading\">Hern\u00ed materi\u00e1ly&nbsp;<\/h2>\n\n\n\n<p class=\"\">Hern\u00ed materi\u00e1ly se skl\u00e1daj\u00ed z&nbsp;<strong>hern\u00ed bro\u017eury<\/strong>&nbsp;s podklady k jednotliv\u00fdm \u00fakol\u016fm.<\/p>\n\n\n\n<h3 class=\"wp-block-heading\">Kde z\u00edsk\u00e1te hern\u00ed materi\u00e1ly<\/h3>\n\n\n\n<ul class=\"wp-block-list\">\n<li>V Informa\u010dn\u00edm centru pod krokod\u00fdlem<br>(Radnick\u00e1 8, Brno \u2013&nbsp;<a href=\"https:\/\/mapy.cz\/s\/feberezame\" target=\"_blank\" rel=\"noreferrer noopener\">mapa<\/a>)<\/li>\n<\/ul>\n\n<\/div>\n    <\/div>\n<\/div>\n    <\/div>\n\n            <\/div>\n        <\/div>\n    <\/div>\n\n<div class=\"row justify-content-center lazyblock-cryptomania-text-column-Z2f5pLi wp-block-lazyblock-cryptomania-text-column\">\n        <div class=\"col col-lg-10 col-xl-8 col-xxl-8\">\n            <div class=\"row\">\n                <div class=\"col-12 col-lg-8 text-bigger mb-3 mt-2\">\n                    \n\n<h2 class=\"wp-block-heading\">Stanovi\u0161t\u011b<\/h2>\n\n\n\n<ul class=\"wp-block-list\">\n<li>Za vy\u0159e\u0161en\u00ed \u00fakol\u016f z\u00edsk\u00e1v\u00e1te body.<\/li>\n\n\n\n<li>Po\u010det z\u00edskan\u00fdch bod\u016f se li\u0161\u00ed podle toho, zda jste \u00fakol vy\u0159e\u0161ili bez pomoci, vzali si v on-line hern\u00edm syst\u00e9mu n\u00e1pov\u011bdu \u010di \u0159e\u0161en\u00ed.\n<ul class=\"wp-block-list\">\n<li>Vy\u0159e\u0161en\u00ed \u00fakolu:&nbsp;<strong>zisk 10 bod\u016f<\/strong>;<\/li>\n\n\n\n<li>N\u00e1pov\u011bda k p\u0159esunu:&nbsp;<strong>-2 body<\/strong>&nbsp;z 10 mo\u017en\u00fdch;<\/li>\n\n\n\n<li>N\u00e1pov\u011bda k \u00fakolu:&nbsp;<strong>-5 bod\u016f<\/strong>&nbsp;z 10 mo\u017en\u00fdch;<\/li>\n\n\n\n<li>P\u0159esko\u010den\u00ed stanovi\u0161t\u011b zobrazen\u00edm&nbsp;spr\u00e1vn\u00e9ho \u0159e\u0161en\u00ed:&nbsp;<strong>0 bod\u016f<\/strong>.<\/li>\n<\/ul>\n<\/li>\n<\/ul>\n\n\n\n<p class=\"\"><\/p>\n\n\n\n<ul class=\"wp-block-list\">\n<li>\u00dakoly spolu vz\u00e1jemn\u011b nesouvis\u00ed. Ka\u017ed\u00fd je pot\u0159eba \u0159e\u0161it samostatn\u011b.<\/li>\n\n\n\n<li>\u0158e\u0161en\u00edm \u00fakolu je v\u017edy jedno smyslupln\u00e9 slovo \u2013&nbsp;v&nbsp;p\u0159\u00edpad\u011b, \u017ee v\u00e1m vyjde v\u011bta (nap\u0159. heslem je strom), zad\u00e1v\u00e1te jen slovo \u201estrom\u201c.<\/li>\n\n\n\n<li>Hern\u00ed syst\u00e9m ignoruje jak velikost p\u00edsmen v&nbsp;heslech, tak i&nbsp;p\u0159\u00edpadnou diakritiku.<\/li>\n\n\n\n<li>Pokud do syst\u00e9mu zad\u00e1te dv\u011b \u0161patn\u00e1 hesla po&nbsp;sob\u011b, dal\u0161\u00ed m\u016f\u017eete zadat a\u017e za 2 minuty.<\/li>\n\n\n\n<li>Ve h\u0159e pou\u017e\u00edv\u00e1me anglickou abecedu o&nbsp;26 znac\u00edch (CH jsou dv\u011b r\u016fzn\u00e1 p\u00edsmena).<\/li>\n\n\n\n<li>Zad\u00e1n\u00ed z\u00edsk\u00e1te bu\u010f elektronicky v&nbsp;hern\u00edm syst\u00e9mu nebo bude pot\u0159eba, abyste pracovali s&nbsp;hern\u00ed bro\u017eurou. Na takovouto situaci v\u00e1s&nbsp;upozorn\u00edme. V\u0161e ostatn\u00ed, co pot\u0159ebujete k&nbsp;vy\u0159e\u0161en\u00ed \u00fakolu, najdete v&nbsp;bl\u00edzk\u00e9m okol\u00ed nebo si&nbsp;to nesete s&nbsp;sebou.<\/li>\n<\/ul>\n\n\n\n<h2 class=\"wp-block-heading\">P\u0159\u00edb\u011bh<\/h2>\n\n\n\n<p class=\"\">P\u0159i p\u0159esunech a tak\u00e9 na jednotliv\u00fdch stanovi\u0161t\u00edch v\u00e1m bude syst\u00e9m po \u010d\u00e1stech odhalovat p\u0159\u00edb\u011bh.&nbsp;<strong>Text p\u0159\u00edb\u011bhu neobsahuje \u017e\u00e1dn\u00e9 \u0161ifry, ale informace z n\u011bj m\u016f\u017eete p\u0159i \u0159e\u0161en\u00ed jednotliv\u00fdch \u00fakol\u016f vyu\u017e\u00edt.<\/strong>&nbsp;<\/p>\n\n\n\n<h2 class=\"wp-block-heading\">Fair Play<\/h2>\n\n\n\n<p class=\"\">Neprozrazujte pros\u00edm \u0159e\u0161en\u00ed \u00fakol\u016f. Je t\u011b\u017ek\u00e9 m\u00edt radost z objevov\u00e1n\u00ed, kdy\u017e v\u00e1m n\u011bkdo \u0159ekne v\u00fdsledek. Z\u00e1rove\u0148 v\u00e1s pros\u00edme, abyste se ke v\u0161em hern\u00edm prvk\u016fm chovali ohledupln\u011b.<\/p>\n\n\n\n<p class=\"\">P\u0159ejeme p\u0159\u00edjemnou hru!<\/p>\n\n\n\n<p class=\"has-text-align-right\"><em>T\u00fdm Cryptomania a TIC Brno<\/em><\/p>\n\n\n                <\/div>\n            <\/div>\n        <\/div>\n    <\/div>","protected":false},"excerpt":{"rendered":"","protected":false},"author":1,"featured_media":0,"parent":0,"menu_order":0,"comment_status":"closed","ping_status":"closed","template":"","meta":{"footnotes":""},"class_list":["post-120","page","type-page","status-publish","hentry"],"_links":{"self":[{"href":"https:\/\/trails.cryptomania.cz\/radnice\/wp-json\/wp\/v2\/pages\/120","targetHints":{"allow":["GET"]}}],"collection":[{"href":"https:\/\/trails.cryptomania.cz\/radnice\/wp-json\/wp\/v2\/pages"}],"about":[{"href":"https:\/\/trails.cryptomania.cz\/radnice\/wp-json\/wp\/v2\/types\/page"}],"author":[{"embeddable":true,"href":"https:\/\/trails.cryptomania.cz\/radnice\/wp-json\/wp\/v2\/users\/1"}],"replies":[{"embeddable":true,"href":"https:\/\/trails.cryptomania.cz\/radnice\/wp-json\/wp\/v2\/comments?post=120"}],"version-history":[{"count":14,"href":"https:\/\/trails.cryptomania.cz\/radnice\/wp-json\/wp\/v2\/pages\/120\/revisions"}],"predecessor-version":[{"id":289,"href":"https:\/\/trails.cryptomania.cz\/radnice\/wp-json\/wp\/v2\/pages\/120\/revisions\/289"}],"wp:attachment":[{"href":"https:\/\/trails.cryptomania.cz\/radnice\/wp-json\/wp\/v2\/media?parent=120"}],"curies":[{"name":"wp","href":"https:\/\/api.w.org\/{rel}","templated":true}]}}