{"id":31,"date":"2022-08-03T08:18:00","date_gmt":"2022-08-03T06:18:00","guid":{"rendered":"https:\/\/trails.cryptomania.cz\/neratov\/?page_id=31"},"modified":"2023-10-02T11:41:58","modified_gmt":"2023-10-02T09:41:58","slug":"o-hre","status":"publish","type":"page","link":"https:\/\/trails.cryptomania.cz\/neratov\/o-hre\/","title":{"rendered":"O h\u0159e"},"content":{"rendered":"<div class=\"lazyblock-cryptorace-perex-26x1gA wp-block-lazyblock-cryptorace-perex\"><div class=\"row mb-4\">\n    <div class=\"col col-lg-10 col-xxl-8 offset-lg-1 offset-xxl-2 text-perex\">\n        <p>Petr Sumec je mlad\u00fd chytr\u00fd kluk, kter\u00e9ho \u010dek\u00e1 velk\u00e1 budoucnost. Tedy, \u010dekala by, pokud by ne\u017eil v prvn\u00ed polovin\u011b 19. stolet\u00ed v Neratov\u011b, jeho otec nebyl zdej\u0161\u00ed ba\u0161t\u00fd\u0159 a Petr nebyl jeho jedin\u00fd syn, tedy ten, kdo to v\u0161echno jednou p\u0159evezme. Ch\u00e1pejte, b\u00fdt ba\u0161t\u00fd\u0159em nebylo v\u016fbec \u0161patn\u00e9 povol\u00e1n\u00ed, ale Petr m\u00e1 prost\u011b jin\u00e9 sny. Ale dneska nen\u00ed \u010das sn\u00edt. Star\u00fd ba\u0161t\u00fd\u0159 Sumec si zlomil nohu a na mlad\u00e9ho Sumce \u010dek\u00e1 hromada pr\u00e1ce a zapeklit\u00fdch \u00fakol\u016f.<\/p>    <\/div>\n<\/div>\n<\/div>\n\n<div class=\"lazyblock-cryptorace-two-cols-box-Z4CR0m wp-block-lazyblock-cryptorace-two-cols-box\"><div class=\"row mb-3\">\n    <div class=\"col col-md-6 col-lg-5 col-xxl-4 offset-lg-1 offset-xxl-2\">\n        <h2>Jak hra funguje?<\/h2>\n<p>V na\u0161\u00ed h\u0159e se vyd\u00e1te po s <strong>Petrem Sumcem po rybn\u00edc\u00edch v okol\u00ed<\/strong> Neratova a pom\u016f\u017eete mu vy\u0159e\u0161it n\u011bkolik \u00fakol\u016f, se kter\u00fdmi se tak ba\u0161t\u00fd\u0159 m\u016f\u017ee potkat.\u00a0<strong>V t\u00fdmu o 2\u20135 hr\u00e1\u010d\u00edch\u00a0<\/strong>b\u011bhem n\u00ed projdete kr\u00e1sn\u00fd okruh Nau\u010dn\u00e9 stezky Pern\u0161tejnsk\u00fdmi rybn\u00edky. <strong>Na 6 stanovi\u0161t\u00edch<\/strong> se dozv\u00edte n\u011bco m\u00e1lo z toho, co v\u0161e rybn\u00edk\u00e1\u0159stv\u00ed obn\u00e1\u0161\u00ed. \u010cekaj\u00ed v\u00e1s <strong>\u0161ifry, logick\u00e9 \u00falohy a\u00a0z\u00edsk\u00e1v\u00e1n\u00ed hesel<\/strong>.<\/p>\n<p>V\u017edy po zad\u00e1n\u00ed spr\u00e1vn\u00e9ho hesla do online hern\u00edho syst\u00e9mu se dozv\u00edte polohu dal\u0161\u00edho stanovi\u0161t\u011b. Ke h\u0159e tedy pot\u0159ebujete alespo\u0148 jeden <strong>telefon s p\u0159ipojen\u00edm k internetu<\/strong>.<\/p>\n<h2>Pro koho je hra ur\u010dena<\/h2>\n<p><!-- \/wp:heading --> <!-- wp:paragraph --><\/p>\n<p><strong>Hra je ur\u010dena pro 2\u20135\u010dlenn\u00e9 t\u00fdmy. Je vhodn\u00e1 jak pro t\u00fdmy hrav\u00fdch dosp\u011bl\u00fdch, tak pro rodiny s d\u011btmi.<\/strong> Naplno si ji u\u017eij\u00ed d\u011bti cca od 10 let, nicm\u00e9n\u011b \u0161ikovn\u00ed rodi\u010de, u\u010ditel\u00e9 \u010di odd\u00edlov\u00ed vedouc\u00ed zapoj\u00ed ur\u010dit\u011b i mlad\u0161\u00ed d\u011bti.<\/p>\n<p><strong>P\u0159ipraveny jsou pro v\u00e1s dv\u011b hern\u00ed varianty.<\/strong><\/p>\n<ol>\n<li>O n\u011bco obt\u00ed\u017en\u011bj\u0161\u00ed varianta hry <strong>s online hern\u00edm syst\u00e9mem (ur\u010den\u00e1 prim\u00e1rn\u011b dosp\u011bl\u00fdm).<\/strong><\/li>\n<li>O n\u011bco snaz\u0161\u00ed hra bez hern\u00edho syst\u00e9mu, ale zato s\u00a0<strong>ti\u0161t\u011bnou hern\u00ed bro\u017eurou (ur\u010den\u00e1 sp\u00ed\u0161 rodin\u00e1m s d\u011btmi)<\/strong>.<\/li>\n<\/ol>    <\/div>\n    <div class=\"col-12 col-md-6 col-lg-5 col-xxl-4\">\n        <div class=\"bg-box1 p-4 mb-3\">\n            <p><img loading=\"lazy\" decoding=\"async\" width=\"800\" height=\"680\" class=\"alignnone size-full wp-image-161 img-fluid\" src=\"https:\/\/trails.cryptomania.cz\/neratov\/wp-content\/uploads\/sites\/87\/2023\/10\/Neratov-nahledova-fotka-brozury-tinyfied.png\" alt=\"\" srcset=\"https:\/\/trails.cryptomania.cz\/neratov\/wp-content\/uploads\/sites\/87\/2023\/10\/Neratov-nahledova-fotka-brozury-tinyfied.png 800w, https:\/\/trails.cryptomania.cz\/neratov\/wp-content\/uploads\/sites\/87\/2023\/10\/Neratov-nahledova-fotka-brozury-tinyfied-300x255.png 300w, https:\/\/trails.cryptomania.cz\/neratov\/wp-content\/uploads\/sites\/87\/2023\/10\/Neratov-nahledova-fotka-brozury-tinyfied-768x653.png 768w\" sizes=\"auto, (max-width: 800px) 100vw, 800px\" \/><\/p>        <\/div>\n    <\/div>\n<\/div>\n<\/div>\n\n<div class=\"lazyblock-cryptorace-text-Z1u6wOt wp-block-lazyblock-cryptorace-text\"><div class=\"row\">\n    <div class=\"col col-md-7 col-lg-6 col-xxl-5 offset-lg-1 offset-xxl-2\">\n        <h2>Kde hra za\u010d\u00edn\u00e1?<\/h2>\n<p><!-- \/wp:heading --> <!-- wp:paragraph --><\/p>\n<p>Hra za\u010d\u00edn\u00e1 u obecn\u00edho \u00fa\u0159adu v Neratov\u011b, adresa Neratov 12.<\/p>    <\/div>\n<\/div>\n<\/div>\n\n<div class=\"lazyblock-cryptorace-perex-aw5Hu wp-block-lazyblock-cryptorace-perex\"><div class=\"row mb-4\">\n    <div class=\"col col-lg-10 col-xxl-8 offset-lg-1 offset-xxl-2 text-perex\">\n        <div style='position: relative;'><div title='50.0800792\u00b0N, 15.6487978\u00b0E' id='m99628' style='width: 100%; height: 400px;'><\/div><\/div><p class='text-end'><small><a href='https:\/\/mapy.cz\/turisticka?source=coor&id=15.6487978%2C50.0800792&ds=2&x=15.6487978&y=50.0800792&z=17' target='_blank'>Zobrazit na mapy.cz<\/a><\/small><\/p>    <\/div>\n<\/div>\n<\/div>\n\n<div class=\"lazyblock-cryptorace-text-Z24uMpt wp-block-lazyblock-cryptorace-text\"><div class=\"row\">\n    <div class=\"col col-md-7 col-lg-6 col-xxl-5 offset-lg-1 offset-xxl-2\">\n        <h2>Jak dlouho hra trv\u00e1?<\/h2>\n<p><!-- \/wp:heading --> <!-- wp:paragraph --><\/p>\n<p>Hra Sumec na suchu obsahuje 6 stanovi\u0161\u0165 a m\u00e1 d\u00e9lku 4 km. Mysl\u00edme si, \u017ee hru je mo\u017en\u00e9 zvl\u00e1dnout n\u011bco p\u0159es dv\u011b hodiny. Pokud v\u00e1s zaj\u00edm\u00e1, jak hru zvl\u00e1dly ostatn\u00ed t\u00fdmy, pod\u00edvejte se na jejich <a href=\"https:\/\/trails.cryptomania.cz\/neratov\/vysledky\">v\u00fdsledky<\/a>.<\/p>\n<h2 style=\"text-align: left;\">Poklad<\/h2>\n<p>Na v\u0161echny hr\u00e1\u010de \u010dek\u00e1 na konci hry mal\u00fd d\u00e1rek.<\/p>\n<h2>\u00a0<\/h2>    <\/div>\n<\/div>\n<\/div>\n\n<div class=\"lazyblock-cryptorace-two-cols-box-iSIWO wp-block-lazyblock-cryptorace-two-cols-box\"><div class=\"row mb-3\">\n    <div class=\"col col-md-6 col-lg-5 col-xxl-4 offset-lg-1 offset-xxl-2\">\n        <h2>Co je ke h\u0159e pot\u0159eba?<\/h2>\n<ol>\n<li>P\u0159e\u010d\u00edst si <a href=\"https:\/\/trails.cryptomania.cz\/neratov\/pravidla\/\">pravidla hry,<\/a><\/li>\n<li>m\u00edt\u00a0 v t\u00fdmu alespo\u0148 1 chytr\u00fd telefon s p\u0159ipojen\u00edm na internet,<\/li>\n<li>vz\u00edt si s sebou psac\u00ed pot\u0159eby,<\/li>\n<li><a href=\"https:\/\/trails.cryptomania.cz\/neratov\/registrace\/\">zaregistrovat t\u00fdm <\/a>do hry,<\/li>\n<li><strong>v p\u0159\u00edpad\u011b d\u011btsk\u00e9 off-line varianty hry<\/strong> vyzvednout si hern\u00ed materi\u00e1ly (<em>p\u0159e\u010dt\u011bte si v r\u00e1me\u010dku jak\u00e9 a\u00a0kde<\/em>).<\/li>\n<\/ol>    <\/div>\n    <div class=\"col-12 col-md-6 col-lg-5 col-xxl-4\">\n        <div class=\"bg-box1 p-4 mb-3\">\n            <h2>Kde z\u00edsk\u00e1te hern\u00ed materi\u00e1ly?<\/h2>\n<ul>\n<li><strong style=\"font-size: revert; font-family: -apple-system, BlinkMacSystemFont, 'Segoe UI', Roboto, Oxygen-Sans, Ubuntu, Cantarell, 'Helvetica Neue', sans-serif; color: initial;\">Hern\u00ed bro\u017eurku<\/strong>\u00a0<span style=\"font-size: revert; font-family: -apple-system, BlinkMacSystemFont, 'Segoe UI', Roboto, Oxygen-Sans, Ubuntu, Cantarell, 'Helvetica Neue', sans-serif; color: initial;\">si m\u016f\u017eete vyzvednout ve sk\u0159\u00ed\u0148ce v \u010dek\u00e1rn\u011b autobusov\u00e9 zast\u00e1vky Neratov (Neratov 12 \u2013 <a href=\"https:\/\/mapy.cz\/s\/nuzudorujo\" target=\"_blank\" rel=\"noopener\">mapa<\/a>).<\/span><\/li>\n<\/ul>\n<h2>Co obsahuj\u00ed?<\/h2>\n<ul>\n<li><strong>Hern\u00ed bro\u017euru<\/strong> s pravidly a podklady k jednotliv\u00fdm \u00fakol\u016fm.<\/li>\n<\/ul>        <\/div>\n    <\/div>\n<\/div>\n<\/div>\n\n<div class=\"lazyblock-cryptorace-text-Z1aGAij wp-block-lazyblock-cryptorace-text\"><div class=\"row\">\n    <div class=\"col col-md-7 col-lg-6 col-xxl-5 offset-lg-1 offset-xxl-2\">\n        <h2>Kdo hru vytvo\u0159il?<\/h2>\n<p><!-- \/wp:heading --> <!-- wp:paragraph --><\/p>\n<p>Origin\u00e1ln\u00ed \u0161ifrovac\u00ed hru pro v\u00e1s p\u0159ipravil <a href=\"https:\/\/www.neratov-novinsko.cz\/\" target=\"_blank\" rel=\"noopener\">Obecn\u00ed \u00fa\u0159ad Neratov<\/a> ve spolupr\u00e1ci s\u00a0<a href=\"https:\/\/www.cryptomania.cz\/\">Cryptomania s.r.o.<\/a><\/p>\n<p><!-- \/wp:paragraph --> <!-- wp:paragraph --><\/p>\n<p>Pokud m\u00e1te ohledn\u011b hry n\u011bjak\u00e9 ot\u00e1zky, nev\u00e1hejte <a href=\"https:\/\/trails.cryptomania.cz\/neratov\/kontakt\/\">n\u00e1s kontaktovat<\/a>.<\/p>\n<p><!-- \/wp:paragraph --> <!-- wp:paragraph --><\/p>\n<p>P\u0159ejeme p\u0159\u00edjemnou hru!<\/p>    <\/div>\n<\/div>\n<\/div>","protected":false},"excerpt":{"rendered":"","protected":false},"author":1,"featured_media":0,"parent":0,"menu_order":0,"comment_status":"closed","ping_status":"closed","template":"","meta":{"footnotes":""},"class_list":["post-31","page","type-page","status-publish","hentry"],"_links":{"self":[{"href":"https:\/\/trails.cryptomania.cz\/neratov\/wp-json\/wp\/v2\/pages\/31","targetHints":{"allow":["GET"]}}],"collection":[{"href":"https:\/\/trails.cryptomania.cz\/neratov\/wp-json\/wp\/v2\/pages"}],"about":[{"href":"https:\/\/trails.cryptomania.cz\/neratov\/wp-json\/wp\/v2\/types\/page"}],"author":[{"embeddable":true,"href":"https:\/\/trails.cryptomania.cz\/neratov\/wp-json\/wp\/v2\/users\/1"}],"replies":[{"embeddable":true,"href":"https:\/\/trails.cryptomania.cz\/neratov\/wp-json\/wp\/v2\/comments?post=31"}],"version-history":[{"count":24,"href":"https:\/\/trails.cryptomania.cz\/neratov\/wp-json\/wp\/v2\/pages\/31\/revisions"}],"predecessor-version":[{"id":162,"href":"https:\/\/trails.cryptomania.cz\/neratov\/wp-json\/wp\/v2\/pages\/31\/revisions\/162"}],"wp:attachment":[{"href":"https:\/\/trails.cryptomania.cz\/neratov\/wp-json\/wp\/v2\/media?parent=31"}],"curies":[{"name":"wp","href":"https:\/\/api.w.org\/{rel}","templated":true}]}}