{"id":124,"date":"2020-06-02T17:19:36","date_gmt":"2020-06-02T15:19:36","guid":{"rendered":"https:\/\/trails.cryptomania.cz\/krnov\/?page_id=124"},"modified":"2025-07-04T14:04:04","modified_gmt":"2025-07-04T12:04:04","slug":"o-hre","status":"publish","type":"page","link":"https:\/\/trails.cryptomania.cz\/krnov\/o-hre\/","title":{"rendered":"O h\u0159e"},"content":{"rendered":"<div class=\"row justify-content-center lazyblock-cryptomania-basic-column-Y4o4t wp-block-lazyblock-cryptomania-basic-column\">\n        <div class=\"col col-lg-10 col-xl-8 col-xxl-8\">\n            <div class=\"row\">\n                \n\n<p class=\"is-style-text-perex text-perex\">Krnovsk\u00fd m\u011bstsk\u00fd znak op\u0159\u00e1d\u00e1 tajemstv\u00ed ohledn\u011b jeho vzniku. Kruh, rohy a&nbsp;hv\u011bzdy. \u017dlut\u00e1 a&nbsp;modr\u00e1 barva. To je v\u0161e, co o&nbsp;n\u011bm m\u016f\u017eeme \u0159\u00edci. Pro\u010d v\u0161ak m\u011bstsk\u00fd znak vypad\u00e1 pr\u00e1v\u011b takto? Nikdo nev\u00ed. Mo\u017en\u00e1 to budete pr\u00e1v\u011b vy, kdo jeho tajemstv\u00ed objev\u00ed!<\/p>\n\n\n            <\/div>\n        <\/div>\n    <\/div>\n\n<div class=\"row justify-content-center lazyblock-cryptomania-basic-column-Z8uWs2 wp-block-lazyblock-cryptomania-basic-column\">\n        <div class=\"col col-lg-10 col-xl-8 col-xxl-8\">\n            <div class=\"row\">\n                \n<div class=\"col-12 col-lg-6 lazyblock-cryptomania-half-column-13bQze wp-block-lazyblock-cryptomania-half-column\">\n                <div class=\"lazyblock-inner-blocks\">\n\n<h2 class=\"wp-block-heading\">Jak hra funguje?<\/h2>\n\n\n\n<p class=\"\">V na\u0161\u00ed h\u0159e se vyd\u00e1te prozkoumat <strong>r\u016fzn\u00e1 krnovsk\u00e1 z\u00e1kout\u00ed a&nbsp;tajemstv\u00ed<\/strong>.&nbsp;<strong>V&nbsp;t\u00fdmu o&nbsp;2\u20135 hr\u00e1\u010d\u00edch&nbsp;<\/strong>b\u011bhem n\u00ed projdete Krnov. <strong>Na 6 stanovi\u0161t\u00edch<\/strong> se dozv\u00edte n\u011bco m\u00e1lo z&nbsp;historie Krnova. \u010cekaj\u00ed v\u00e1s <strong>\u0161ifry, logick\u00e9 \u00falohy a&nbsp;z\u00edsk\u00e1v\u00e1n\u00ed hesel<\/strong>.<\/p>\n\n\n\n<p class=\"\">V\u017edy po zad\u00e1n\u00ed spr\u00e1vn\u00e9ho hesla do online hern\u00edho syst\u00e9mu se dozv\u00edte polohu dal\u0161\u00edho stanovi\u0161t\u011b. Ke h\u0159e tedy pot\u0159ebujete alespo\u0148 jeden <strong>telefon s&nbsp;p\u0159ipojen\u00edm k&nbsp;internetu<\/strong>.<\/p>\n\n\n\n<h2 class=\"wp-block-heading\">Pro koho je ur\u010dena?<\/h2>\n\n\n\n<p class=\"\"><strong>Hra je ur\u010dena pro 2\u20135\u010dlenn\u00e9 t\u00fdmy. Je ur\u010den\u00e1 pro t\u00fdmy hrav\u00fdch dosp\u011bl\u00fdch.<\/strong>&nbsp;Nicm\u00e9n\u011b \u0161ikovn\u00ed rodi\u010de, u\u010ditel\u00e9 \u010di odd\u00edlov\u00ed vedouc\u00ed zapoj\u00ed ur\u010dit\u011b i&nbsp;d\u011bti od v\u011bku cca 10 let.<\/p>\n\n<\/div>\n    <\/div>\n\n<div class=\"col-12 col-lg-6 lazyblock-cryptomania-half-column-CA9TE wp-block-lazyblock-cryptomania-half-column\">\n                <div class=\"lazyblock-inner-blocks\">\n<div class=\"bg-sidebox-light p-4 mb-3 rounded-4 lazyblock-cryptomania-gray-box-jrWlT wp-block-lazyblock-cryptomania-gray-box\">\n                <div class=\"lazyblock-inner-blocks\">\n\n<figure class=\"wp-block-image size-full\"><img loading=\"lazy\" decoding=\"async\" width=\"800\" height=\"680\" src=\"https:\/\/trails.cryptomania.cz\/krnov\/wp-content\/uploads\/sites\/63\/2025\/05\/krnov-small.png\" alt=\"\" class=\"wp-image-186\" srcset=\"https:\/\/trails.cryptomania.cz\/krnov\/wp-content\/uploads\/sites\/63\/2025\/05\/krnov-small.png 800w, https:\/\/trails.cryptomania.cz\/krnov\/wp-content\/uploads\/sites\/63\/2025\/05\/krnov-small-300x255.png 300w, https:\/\/trails.cryptomania.cz\/krnov\/wp-content\/uploads\/sites\/63\/2025\/05\/krnov-small-768x653.png 768w\" sizes=\"auto, (max-width: 800px) 100vw, 800px\" \/><\/figure>\n\n<\/div>\n    <\/div>\n<\/div>\n    <\/div>\n\n            <\/div>\n        <\/div>\n    <\/div>\n\n<div class=\"row justify-content-center lazyblock-cryptomania-text-column-ugXr7 wp-block-lazyblock-cryptomania-text-column\">\n        <div class=\"col col-lg-10 col-xl-8 col-xxl-8\">\n            <div class=\"row\">\n                <div class=\"col-12 col-lg-8 text-bigger mb-3 mt-2\">\n                    \n\n<h2 class=\"wp-block-heading\">Kde hra za\u010d\u00edn\u00e1?<\/h2>\n\n\n\n<p class=\"\">Hra za\u010d\u00edn\u00e1 na Hlavn\u00edm n\u00e1m\u011bst\u00ed p\u0159ed budovou radnice.<\/p>\n\n\n                <\/div>\n            <\/div>\n        <\/div>\n    <\/div>\n\n<div class=\"row justify-content-center lazyblock-cryptomania-basic-column-GCiNT wp-block-lazyblock-cryptomania-basic-column\">\n        <div class=\"col col-lg-10 col-xl-8 col-xxl-8\">\n            <div class=\"row\">\n                \n<div style='position: relative;'><div title='50.0898308N, 17.7039342E' id='m22549' style='width: 100%; height: 400px;'><\/div><\/div><p class='text-end'><small><a href='https:\/\/mapy.cz\/turisticka?source=coor&id=17.7039342%2C50.0898308&ds=2&x=17.7039342&y=50.0898308&z=17' target='_blank'>Zobrazit na mapy.cz<\/a><\/small><\/p>\n\n\n            <\/div>\n        <\/div>\n    <\/div>\n\n<div class=\"row justify-content-center lazyblock-cryptomania-text-column-Kf0tH wp-block-lazyblock-cryptomania-text-column\">\n        <div class=\"col col-lg-10 col-xl-8 col-xxl-8\">\n            <div class=\"row\">\n                <div class=\"col-12 col-lg-8 text-bigger mb-3 mt-2\">\n                    \n\n<h2 class=\"wp-block-heading\">Jak dlouho hra trv\u00e1?<\/h2>\n\n\n\n<p class=\"\">Hra <strong>Kruh, rohy a&nbsp;hv\u011bzdy<\/strong> obsahuje 6 stanovi\u0161\u0165&nbsp; a m\u00e1 d\u00e9lku 2,2&nbsp;km. Mysl\u00edme si, \u017ee hru je mo\u017en\u00e9 zvl\u00e1dnout za dv\u011b a\u017e t\u0159i hodiny. Pokud v\u00e1s zaj\u00edm\u00e1, jak hru zvl\u00e1dly ostatn\u00ed t\u00fdmy, pod\u00edvejte se na jejich <a href=\"https:\/\/trails.cryptomania.cz\/krnov\/vysledky\">v\u00fdsledky<\/a>.<\/p>\n\n\n                <\/div>\n            <\/div>\n        <\/div>\n    <\/div>\n\n<div class=\"row justify-content-center lazyblock-cryptomania-basic-column-zl6IF wp-block-lazyblock-cryptomania-basic-column\">\n        <div class=\"col col-lg-10 col-xl-8 col-xxl-8\">\n            <div class=\"row\">\n                \n<div class=\"col-12 col-lg-6 lazyblock-cryptomania-half-column-1pe2n2 wp-block-lazyblock-cryptomania-half-column\">\n                <div class=\"lazyblock-inner-blocks\">\n\n<h2 class=\"wp-block-heading\">Co je ke h\u0159e pot\u0159eba?<\/h2>\n\n\n\n<ol class=\"wp-block-list\">\n<li>P\u0159e\u010d\u00edst si <a href=\"https:\/\/trails.cryptomania.cz\/krnov\/pravidla\/\">pravidla hry<\/a>,<\/li>\n\n\n\n<li>m\u00edt v t\u00fdmu alespo\u0148 1 chytr\u00fd telefon s p\u0159ipojen\u00edm na internet,<\/li>\n\n\n\n<li>vz\u00edt si s sebou psac\u00ed pot\u0159eby,<\/li>\n\n\n\n<li>vyzvednout si hern\u00ed materi\u00e1ly (<em>p\u0159e\u010dt\u011bte si v&nbsp;r\u00e1me\u010dku jak\u00e9 a&nbsp;kde<\/em>).<\/li>\n\n\n\n<li><a href=\"https:\/\/trails.cryptomania.cz\/krnov\/registrace-tymu\/\">zaregistrovat t\u00fdm<\/a> do hry.<\/li>\n<\/ol>\n\n<\/div>\n    <\/div>\n\n<div class=\"col-12 col-lg-6 lazyblock-cryptomania-half-column-Z2lhf0C wp-block-lazyblock-cryptomania-half-column\">\n                <div class=\"lazyblock-inner-blocks\">\n<div class=\"bg-sidebox-light p-4 mb-3 rounded-4 lazyblock-cryptomania-gray-box-CT1wu wp-block-lazyblock-cryptomania-gray-box\">\n                <div class=\"lazyblock-inner-blocks\">\n\n<h2 class=\"wp-block-heading\">Kde z\u00edsk\u00e1te hern\u00ed bro\u017euru?<\/h2>\n\n\n\n<ul class=\"wp-block-list\">\n<li>Hern\u00ed bro\u017euru si m\u016f\u017eete <strong>zakoupit<\/strong> v\u00a0Turistick\u00e9m informa\u010dn\u00edm centru Krnov (Hobz\u00edkova 13\/11, Krnov \u2013 <a href=\"https:\/\/mapy.cz\/s\/pacofabodo\" data-type=\"link\" data-id=\"https:\/\/mapy.cz\/s\/pacofabodo\" target=\"_blank\" rel=\"noreferrer noopener\">mapa<\/a>). Cena za hern\u00ed bro\u017euru je 70 K\u010d.<\/li>\n<\/ul>\n\n<\/div>\n    <\/div>\n<\/div>\n    <\/div>\n\n            <\/div>\n        <\/div>\n    <\/div>\n\n<div class=\"row justify-content-center lazyblock-cryptomania-text-column-1Bdv60 wp-block-lazyblock-cryptomania-text-column\">\n        <div class=\"col col-lg-10 col-xl-8 col-xxl-8\">\n            <div class=\"row\">\n                <div class=\"col-12 col-lg-8 text-bigger mb-3 mt-2\">\n                    \n\n<h2 class=\"wp-block-heading\">Kdo hru vytvo\u0159il?<\/h2>\n\n\n\n<p class=\"\">Origin\u00e1ln\u00ed \u0161ifrovac\u00ed hru pro v\u00e1s p\u0159ipravilo <a href=\"https:\/\/www.infokrnov.cz\/\" target=\"_blank\" rel=\"noreferrer noopener\">Turistick\u00e9 informa\u010dn\u00ed centrum Krnov<\/a> ve spolupr\u00e1ci s&nbsp;<a href=\"https:\/\/www.cryptomania.cz\/\">Cryptomania s.r.o.<\/a><\/p>\n\n\n\n<p class=\"\">Pokud m\u00e1te ohledn\u011b hry n\u011bjak\u00e9 ot\u00e1zky, nev\u00e1hejte <a href=\"https:\/\/trails.cryptomania.cz\/krnov\/kontakt\/\">n\u00e1s kontaktovat<\/a>.<\/p>\n\n\n\n<p class=\"\">U\u017eijte si lu\u0161t\u011bn\u00ed!<\/p>\n\n\n                <\/div>\n            <\/div>\n        <\/div>\n    <\/div>","protected":false},"excerpt":{"rendered":"","protected":false},"author":1,"featured_media":0,"parent":0,"menu_order":0,"comment_status":"closed","ping_status":"closed","template":"","meta":{"footnotes":""},"class_list":["post-124","page","type-page","status-publish","hentry"],"_links":{"self":[{"href":"https:\/\/trails.cryptomania.cz\/krnov\/wp-json\/wp\/v2\/pages\/124","targetHints":{"allow":["GET"]}}],"collection":[{"href":"https:\/\/trails.cryptomania.cz\/krnov\/wp-json\/wp\/v2\/pages"}],"about":[{"href":"https:\/\/trails.cryptomania.cz\/krnov\/wp-json\/wp\/v2\/types\/page"}],"author":[{"embeddable":true,"href":"https:\/\/trails.cryptomania.cz\/krnov\/wp-json\/wp\/v2\/users\/1"}],"replies":[{"embeddable":true,"href":"https:\/\/trails.cryptomania.cz\/krnov\/wp-json\/wp\/v2\/comments?post=124"}],"version-history":[{"count":23,"href":"https:\/\/trails.cryptomania.cz\/krnov\/wp-json\/wp\/v2\/pages\/124\/revisions"}],"predecessor-version":[{"id":268,"href":"https:\/\/trails.cryptomania.cz\/krnov\/wp-json\/wp\/v2\/pages\/124\/revisions\/268"}],"wp:attachment":[{"href":"https:\/\/trails.cryptomania.cz\/krnov\/wp-json\/wp\/v2\/media?parent=124"}],"curies":[{"name":"wp","href":"https:\/\/api.w.org\/{rel}","templated":true}]}}