{"id":326,"date":"2024-05-21T12:41:35","date_gmt":"2024-05-21T10:41:35","guid":{"rendered":"https:\/\/trails.cryptomania.cz\/chorvati\/?page_id=326"},"modified":"2024-05-22T15:36:16","modified_gmt":"2024-05-22T13:36:16","slug":"herni-brozura","status":"publish","type":"page","link":"https:\/\/trails.cryptomania.cz\/chorvati\/herni-brozura\/","title":{"rendered":"Hern\u00ed bro\u017eura"},"content":{"rendered":"<div class=\"lazyblock-cryptorace-perex-1jRsTG wp-block-lazyblock-cryptorace-perex\"><div class=\"row mb-4\">\n    <div class=\"col col-lg-10 col-xxl-8 offset-lg-1 offset-xxl-2 text-perex\">\n        <p>Mil\u00ed hr\u00e1\u010di. K tomu, abyste mohli hr\u00e1t hru Po stop\u00e1ch moravsk\u00fdch Chorvat\u016f, je zapot\u0159eb\u00ed m\u00edt k dispozici hern\u00ed bro\u017euru. Bu\u010f si ji vyzvedn\u011bte nedaleko m\u00edsta startu nebo si ji vytiskn\u011bte sami.<\/p>    <\/div>\n<\/div>\n<\/div>\n\n<div class=\"lazyblock-cryptorace-two-cols-box-l0zPl wp-block-lazyblock-cryptorace-two-cols-box\"><div class=\"row mb-3\">\n    <div class=\"col col-md-6 col-lg-5 col-xxl-4 offset-lg-1 offset-xxl-2\">\n        <h2>Tisknete si hern\u00ed bro\u017euru sami?<\/h2>\n<p><strong>Pokud si budete hern\u00ed bro\u017euru tisknout sami, p\u0159e\u010dtete si pros\u00edm pozorn\u011b n\u00e1sleduj\u00edc\u00ed n\u00e1vod.<\/strong><\/p>\n<p>Hern\u00ed bro\u017euru doporu\u010dujeme <strong>vytisknout barevn\u011b<\/strong>. Pokud to v\u0161ak nejde, nezoufejte. Hru Po stop\u00e1ch moravsk\u00fdch Chorvat\u016f&nbsp; jist\u011b zvl\u00e1dnete vy\u0159e\u0161it i tak, jen pro v\u00e1s bude \u0159e\u0161en\u00ed n\u011bkter\u00fdch \u00fakol\u016f obt\u00ed\u017en\u011bj\u0161\u00ed. Doporu\u010dujeme v\u017edy zkontrolovat barevnost jednotliv\u00fdch zad\u00e1n\u00ed \u00fakol\u016f v\u016f\u010di elektronick\u00e9 verzi hern\u00ed bro\u017eury.<\/p>    <\/div>\n    <div class=\"col-12 col-md-6 col-lg-5 col-xxl-4\">\n        <div class=\"bg-box1 p-4 mb-3\">\n            <p><img loading=\"lazy\" decoding=\"async\" width=\"800\" height=\"680\" class=\"alignnone size-full wp-image-405 img-fluid\" src=\"https:\/\/trails.cryptomania.cz\/chorvati\/wp-content\/uploads\/sites\/36\/2024\/05\/chorvati-small.png\" alt=\"\" srcset=\"https:\/\/trails.cryptomania.cz\/chorvati\/wp-content\/uploads\/sites\/36\/2024\/05\/chorvati-small.png 800w, https:\/\/trails.cryptomania.cz\/chorvati\/wp-content\/uploads\/sites\/36\/2024\/05\/chorvati-small-300x255.png 300w, https:\/\/trails.cryptomania.cz\/chorvati\/wp-content\/uploads\/sites\/36\/2024\/05\/chorvati-small-768x653.png 768w\" sizes=\"auto, (max-width: 800px) 100vw, 800px\" \/><\/p>        <\/div>\n    <\/div>\n<\/div>\n<\/div>\n\n<div class=\"lazyblock-cryptorace-text-Q20H wp-block-lazyblock-cryptorace-text\"><div class=\"row\">\n    <div class=\"col col-md-7 col-lg-6 col-xxl-5 offset-lg-1 offset-xxl-2\">\n        <p>Aby se v\u00e1m dob\u0159e tisklo, p\u0159ikl\u00e1d\u00e1me doporu\u010den\u00ed k tisku. Odpov\u00edd\u00e1 nab\u00eddce programu Adobe Acrobat Reader, kter\u00fd je bezplatn\u011b dostupn\u00fd <a href=\"https:\/\/get.adobe.com\/cz\/reader\/\" target=\"_blank\" rel=\"noopener\">na str\u00e1nk\u00e1ch spole\u010dnosti Adobe<\/a>.<\/p>    <\/div>\n<\/div>\n<\/div>\n\n<div class=\"lazyblock-cryptorace-two-cols-box-Z1Lddxc wp-block-lazyblock-cryptorace-two-cols-box\"><div class=\"row mb-3\">\n    <div class=\"col col-md-6 col-lg-5 col-xxl-4 offset-lg-1 offset-xxl-2\">\n        <h2>Hern\u00ed bro\u017eura&nbsp;<\/h2>\n<p>Tato bro\u017eura p\u0159edpokl\u00e1d\u00e1 hru dosp\u011bl\u00fdch t\u00fdm\u016f (p\u0159\u00edpadn\u011b rodin s d\u011btmi 10+) s hern\u00edm syst\u00e9mem.<\/p>\n<p>Soubor k tisku je p\u0159ipraven\u00fd pro oboustrann\u00fd tisk s nastaven\u00edm tisknout bro\u017euru. Ve v\u00fdsledku tak z\u00edsk\u00e1te v\u017edy dv\u011b A5 na jednom pap\u00edru A4 a budete si moci bro\u017euru sestavit tak, abyste j\u00ed mohli listovat, stejn\u011b jako kdybyste ji dostali od n\u00e1s.<\/p>    <\/div>\n    <div class=\"col-12 col-md-6 col-lg-5 col-xxl-4\">\n        <div class=\"bg-box1 p-4 mb-3\">\n            <h3>Soubor k tisku<\/h3>\n<ul>\n<li><a href=\"https:\/\/trails.cryptomania.cz\/chorvati\/wp-content\/uploads\/sites\/36\/2024\/05\/2024_05_21_-_herni_brozura_pro_po_stopach_moravskych_chorvatu_na_web.pdf\">Hern\u00ed bro\u017eura (hra s hern\u00edm syst\u00e9mem)<\/a><\/li>\n<\/ul>        <\/div>\n    <\/div>\n<\/div>\n<\/div>\n\n<div class=\"lazyblock-cryptorace-two-cols-box-ZtOSou wp-block-lazyblock-cryptorace-two-cols-box\"><div class=\"row mb-3\">\n    <div class=\"col col-md-6 col-lg-5 col-xxl-4 offset-lg-1 offset-xxl-2\">\n        <h2>D\u011btsk\u00e1 hra<\/h2>\n<p>Hern\u00ed bro\u017eura je ur\u010dena d\u011btem cca 8+ (ka\u017ed\u00e9 d\u00edt\u011b je jinak schopn\u00e9). \u00dakoly v t\u00e9to variant\u011b hry jsou jednodu\u0161\u0161\u00ed a ke h\u0159e nen\u00ed pot\u0159eba hern\u00ed syst\u00e9m.<\/p>\n<p>Soubor je stejn\u011b jako v\u00fd\u0161e p\u0159ipraven k oboustrann\u00e9mu tisku s nastaven\u00edm tisknout bro\u017euru.<\/p>    <\/div>\n    <div class=\"col-12 col-md-6 col-lg-5 col-xxl-4\">\n        <div class=\"bg-box1 p-4 mb-3\">\n            <h3>Soubor k tisku<\/h3>\n<ul>\n<li><a href=\"https:\/\/trails.cryptomania.cz\/chorvati\/wp-content\/uploads\/sites\/36\/2024\/05\/2024_05_21_-_herni_brozura_detske_hry_o_moravskych_chorvatech_-_web.pdf\">D\u011btsk\u00e1 hern\u00ed bro\u017eura (hra bez hern\u00edho syst\u00e9mu)<\/a><\/li>\n<\/ul>        <\/div>\n    <\/div>\n<\/div>\n<\/div>","protected":false},"excerpt":{"rendered":"","protected":false},"author":82,"featured_media":0,"parent":0,"menu_order":0,"comment_status":"closed","ping_status":"closed","template":"","meta":{"footnotes":""},"class_list":["post-326","page","type-page","status-publish","hentry"],"_links":{"self":[{"href":"https:\/\/trails.cryptomania.cz\/chorvati\/wp-json\/wp\/v2\/pages\/326","targetHints":{"allow":["GET"]}}],"collection":[{"href":"https:\/\/trails.cryptomania.cz\/chorvati\/wp-json\/wp\/v2\/pages"}],"about":[{"href":"https:\/\/trails.cryptomania.cz\/chorvati\/wp-json\/wp\/v2\/types\/page"}],"author":[{"embeddable":true,"href":"https:\/\/trails.cryptomania.cz\/chorvati\/wp-json\/wp\/v2\/users\/82"}],"replies":[{"embeddable":true,"href":"https:\/\/trails.cryptomania.cz\/chorvati\/wp-json\/wp\/v2\/comments?post=326"}],"version-history":[{"count":7,"href":"https:\/\/trails.cryptomania.cz\/chorvati\/wp-json\/wp\/v2\/pages\/326\/revisions"}],"predecessor-version":[{"id":413,"href":"https:\/\/trails.cryptomania.cz\/chorvati\/wp-json\/wp\/v2\/pages\/326\/revisions\/413"}],"wp:attachment":[{"href":"https:\/\/trails.cryptomania.cz\/chorvati\/wp-json\/wp\/v2\/media?parent=326"}],"curies":[{"name":"wp","href":"https:\/\/api.w.org\/{rel}","templated":true}]}}