{"id":30,"date":"2022-05-03T13:45:25","date_gmt":"2022-05-03T11:45:25","guid":{"rendered":"https:\/\/trails.cryptomania.cz\/cevak\/?page_id=30"},"modified":"2022-06-17T13:25:54","modified_gmt":"2022-06-17T11:25:54","slug":"kontakt","status":"publish","type":"page","link":"https:\/\/trails.cryptomania.cz\/cevak\/kontakt\/","title":{"rendered":"Kontakt"},"content":{"rendered":"<div class=\"lazyblock-cryptorace-perex-21xC8e wp-block-lazyblock-cryptorace-perex\"><div class=\"row mb-4\">\n    <div class=\"col col-lg-10 col-xxl-8 offset-lg-1 offset-xxl-2 text-perex\">\n        <p>Pokud naraz\u00edte na probl\u00e9m, se kter\u00fdm si nem\u016f\u017eete poradit, nev\u00e1hejte n\u00e1s kontaktovat. R\u00e1di v\u00e1m pom\u016f\u017eeme (samoz\u0159ejm\u011b s v\u00fdjimkou \u0159e\u0161en\u00ed jednotliv\u00fdch \u00fakol\u016f).<\/p>    <\/div>\n<\/div>\n<\/div>\n\n<div class=\"lazyblock-cryptorace-text-cObND wp-block-lazyblock-cryptorace-text\"><div class=\"row\">\n    <div class=\"col col-md-7 col-lg-6 col-xxl-5 offset-lg-1 offset-xxl-2\">\n        <p>Kurz pro v\u00e1s s l\u00e1skou p\u0159ipravili lid\u00e9 ze spole\u010dnosti\u00a0<a href=\"https:\/\/www.cryptomania.cz\/\">Cryptomania s.r.o.<\/a><\/p>    <\/div>\n<\/div>\n<\/div>\n\n<div class=\"lazyblock-cryptorace-contact-Z1Tb9e7 wp-block-lazyblock-cryptorace-contact\"><div class=\"row mt-3 row justify-content-center\">\n    <div class=\"col-12 col-md-4 col-lg-4 col-xxl-3\">\n        <h2 class=\"mb-3\">Hru provozuje<\/h2>\n        <ul>\n            <li><strong>\u010cEVAK a.s.<\/strong><\/li>\n            <li><i class=\"fa-solid fa-phone-volume\"><\/i> &nbsp; <a\n                        href=\"tel:+420 387 761 911\">+420 387 761 911<\/a>\n            <\/li>\n            <li><i class=\"fa-regular fa-envelope\"><\/i> &nbsp; <a\n                        href=\"mailto:info@cevak.cz\">info@cevak.cz<\/a>\n            <\/li>\n        <\/ul>\n    <\/div>\n    <div class=\"col col-md-8 col-lg-6 col-xxl-5 text-center border-bottom pt-5\">\n        <img decoding=\"async\" src=\"https:\/\/trails.cryptomania.cz\/cevak\/wp-content\/uploads\/sites\/85\/2022\/06\/Logo-CEVAK-kontakt.png\"\n                 alt=\"\u010cEVAK a.s.\" title=\"\u010cEVAK a.s.\"\n                 class=\"img-fluid\" style=\"max-height: 400px;\">\n    <\/div>\n<\/div>\n<\/div>\n\n<div class=\"lazyblock-cryptorace-text-ZTnivw wp-block-lazyblock-cryptorace-text\"><div class=\"row\">\n    <div class=\"col col-md-7 col-lg-6 col-xxl-5 offset-lg-1 offset-xxl-2\">\n        <p>\u00ad<\/p>    <\/div>\n<\/div>\n<\/div>\n\n<div class=\"lazyblock-cryptorace-contact-Zrvz56 wp-block-lazyblock-cryptorace-contact\"><div class=\"row mt-3 row justify-content-center\">\n    <div class=\"col-12 col-md-4 col-lg-4 col-xxl-3\">\n        <h2 class=\"mb-3\">Auto\u0159i hry<\/h2>\n        <ul>\n            <li><strong>T\u00fdm Cryptomania s.r.o.<\/strong><\/li>\n            <li><i class=\"fa-solid fa-phone-volume\"><\/i> &nbsp; <a\n                        href=\"tel:+420 720 737 390\">+420 720 737 390<\/a>\n            <\/li>\n            <li><i class=\"fa-regular fa-envelope\"><\/i> &nbsp; <a\n                        href=\"mailto:hry@cryptomania.cz\">hry@cryptomania.cz<\/a>\n            <\/li>\n        <\/ul>\n    <\/div>\n    <div class=\"col col-md-8 col-lg-6 col-xxl-5 text-center border-bottom pt-5\">\n        <img decoding=\"async\" src=\"https:\/\/trails.cryptomania.cz\/cevak\/wp-content\/uploads\/sites\/85\/2022\/06\/cryptoteam-1.png\"\n                 alt=\"T\u00fdm Cryptomania s.r.o.\" title=\"T\u00fdm Cryptomania s.r.o.\"\n                 class=\"img-fluid\" style=\"max-height: 400px;\">\n    <\/div>\n<\/div>\n<\/div>","protected":false},"excerpt":{"rendered":"","protected":false},"author":30920,"featured_media":0,"parent":0,"menu_order":0,"comment_status":"closed","ping_status":"closed","template":"","meta":{"footnotes":""},"class_list":["post-30","page","type-page","status-publish","hentry"],"yoast_head":"<!-- This site is optimized with the Yoast SEO plugin v27.3 - https:\/\/yoast.com\/product\/yoast-seo-wordpress\/ -->\n<title>Kontakt - Kachna na prameni<\/title>\n<meta name=\"robots\" content=\"index, follow, max-snippet:-1, max-image-preview:large, max-video-preview:-1\" \/>\n<link rel=\"canonical\" href=\"https:\/\/trails.cryptomania.cz\/cevak\/kontakt\/\" \/>\n<meta property=\"og:locale\" content=\"cs_CZ\" \/>\n<meta property=\"og:type\" content=\"article\" \/>\n<meta property=\"og:title\" content=\"Kontakt - Kachna na prameni\" \/>\n<meta property=\"og:url\" content=\"https:\/\/trails.cryptomania.cz\/cevak\/kontakt\/\" \/>\n<meta property=\"og:site_name\" content=\"Kachna na prameni\" \/>\n<meta property=\"article:modified_time\" content=\"2022-06-17T11:25:54+00:00\" \/>\n<meta name=\"twitter:card\" content=\"summary_large_image\" \/>\n<script type=\"application\/ld+json\" class=\"yoast-schema-graph\">{\"@context\":\"https:\\\/\\\/schema.org\",\"@graph\":[{\"@type\":\"WebPage\",\"@id\":\"https:\\\/\\\/trails.cryptomania.cz\\\/cevak\\\/kontakt\\\/\",\"url\":\"https:\\\/\\\/trails.cryptomania.cz\\\/cevak\\\/kontakt\\\/\",\"name\":\"Kontakt - Kachna na prameni\",\"isPartOf\":{\"@id\":\"https:\\\/\\\/trails.cryptomania.cz\\\/cevak\\\/#website\"},\"datePublished\":\"2022-05-03T11:45:25+00:00\",\"dateModified\":\"2022-06-17T11:25:54+00:00\",\"breadcrumb\":{\"@id\":\"https:\\\/\\\/trails.cryptomania.cz\\\/cevak\\\/kontakt\\\/#breadcrumb\"},\"inLanguage\":\"cs\",\"potentialAction\":[{\"@type\":\"ReadAction\",\"target\":[\"https:\\\/\\\/trails.cryptomania.cz\\\/cevak\\\/kontakt\\\/\"]}]},{\"@type\":\"BreadcrumbList\",\"@id\":\"https:\\\/\\\/trails.cryptomania.cz\\\/cevak\\\/kontakt\\\/#breadcrumb\",\"itemListElement\":[{\"@type\":\"ListItem\",\"position\":1,\"name\":\"Dom\u016f\",\"item\":\"https:\\\/\\\/trails.cryptomania.cz\\\/cevak\\\/\"},{\"@type\":\"ListItem\",\"position\":2,\"name\":\"Kontakt\"}]},{\"@type\":\"WebSite\",\"@id\":\"https:\\\/\\\/trails.cryptomania.cz\\\/cevak\\\/#website\",\"url\":\"https:\\\/\\\/trails.cryptomania.cz\\\/cevak\\\/\",\"name\":\"Kachna na prameni\",\"description\":\"Nap\u00ednav\u00e1 hra o d\u016fle\u017eitosti vody\",\"potentialAction\":[{\"@type\":\"SearchAction\",\"target\":{\"@type\":\"EntryPoint\",\"urlTemplate\":\"https:\\\/\\\/trails.cryptomania.cz\\\/cevak\\\/?s={search_term_string}\"},\"query-input\":{\"@type\":\"PropertyValueSpecification\",\"valueRequired\":true,\"valueName\":\"search_term_string\"}}],\"inLanguage\":\"cs\"}]}<\/script>\n<!-- \/ Yoast SEO plugin. -->","yoast_head_json":{"title":"Kontakt - Kachna na prameni","robots":{"index":"index","follow":"follow","max-snippet":"max-snippet:-1","max-image-preview":"max-image-preview:large","max-video-preview":"max-video-preview:-1"},"canonical":"https:\/\/trails.cryptomania.cz\/cevak\/kontakt\/","og_locale":"cs_CZ","og_type":"article","og_title":"Kontakt - Kachna na prameni","og_url":"https:\/\/trails.cryptomania.cz\/cevak\/kontakt\/","og_site_name":"Kachna na prameni","article_modified_time":"2022-06-17T11:25:54+00:00","twitter_card":"summary_large_image","schema":{"@context":"https:\/\/schema.org","@graph":[{"@type":"WebPage","@id":"https:\/\/trails.cryptomania.cz\/cevak\/kontakt\/","url":"https:\/\/trails.cryptomania.cz\/cevak\/kontakt\/","name":"Kontakt - Kachna na prameni","isPartOf":{"@id":"https:\/\/trails.cryptomania.cz\/cevak\/#website"},"datePublished":"2022-05-03T11:45:25+00:00","dateModified":"2022-06-17T11:25:54+00:00","breadcrumb":{"@id":"https:\/\/trails.cryptomania.cz\/cevak\/kontakt\/#breadcrumb"},"inLanguage":"cs","potentialAction":[{"@type":"ReadAction","target":["https:\/\/trails.cryptomania.cz\/cevak\/kontakt\/"]}]},{"@type":"BreadcrumbList","@id":"https:\/\/trails.cryptomania.cz\/cevak\/kontakt\/#breadcrumb","itemListElement":[{"@type":"ListItem","position":1,"name":"Dom\u016f","item":"https:\/\/trails.cryptomania.cz\/cevak\/"},{"@type":"ListItem","position":2,"name":"Kontakt"}]},{"@type":"WebSite","@id":"https:\/\/trails.cryptomania.cz\/cevak\/#website","url":"https:\/\/trails.cryptomania.cz\/cevak\/","name":"Kachna na prameni","description":"Nap\u00ednav\u00e1 hra o d\u016fle\u017eitosti vody","potentialAction":[{"@type":"SearchAction","target":{"@type":"EntryPoint","urlTemplate":"https:\/\/trails.cryptomania.cz\/cevak\/?s={search_term_string}"},"query-input":{"@type":"PropertyValueSpecification","valueRequired":true,"valueName":"search_term_string"}}],"inLanguage":"cs"}]}},"_links":{"self":[{"href":"https:\/\/trails.cryptomania.cz\/cevak\/wp-json\/wp\/v2\/pages\/30","targetHints":{"allow":["GET"]}}],"collection":[{"href":"https:\/\/trails.cryptomania.cz\/cevak\/wp-json\/wp\/v2\/pages"}],"about":[{"href":"https:\/\/trails.cryptomania.cz\/cevak\/wp-json\/wp\/v2\/types\/page"}],"author":[{"embeddable":true,"href":"https:\/\/trails.cryptomania.cz\/cevak\/wp-json\/wp\/v2\/users\/30920"}],"replies":[{"embeddable":true,"href":"https:\/\/trails.cryptomania.cz\/cevak\/wp-json\/wp\/v2\/comments?post=30"}],"version-history":[{"count":8,"href":"https:\/\/trails.cryptomania.cz\/cevak\/wp-json\/wp\/v2\/pages\/30\/revisions"}],"predecessor-version":[{"id":194,"href":"https:\/\/trails.cryptomania.cz\/cevak\/wp-json\/wp\/v2\/pages\/30\/revisions\/194"}],"wp:attachment":[{"href":"https:\/\/trails.cryptomania.cz\/cevak\/wp-json\/wp\/v2\/media?parent=30"}],"curies":[{"name":"wp","href":"https:\/\/api.w.org\/{rel}","templated":true}]}}