{"id":147,"date":"2021-05-22T19:23:43","date_gmt":"2021-05-22T17:23:43","guid":{"rendered":"https:\/\/trails.cryptomania.cz\/brnoismyplayground\/?page_id=147"},"modified":"2021-07-08T11:04:56","modified_gmt":"2021-07-08T09:04:56","slug":"about-the-game","status":"publish","type":"page","link":"https:\/\/trails.cryptomania.cz\/brnoismyplayground\/about-the-game\/","title":{"rendered":"About the game"},"content":{"rendered":"<p><strong>GAME STORY:<\/strong> <em>It seems that your excitement with your new home has caught on. You&#8217;ve been talking about Brno with your friends back home so enthusiastically that one of them decided to join you!<\/em><\/p>\n<p><em>He arrived at Hlavn\u00ed N\u00e1dra\u017e\u00ed just yesterday, showed an unpronounceable address (with way too many consonants) to a taxi driver to take him to his new flat, and somehow got a key from his new landlady. He nodded along, understanding none of her Czech gibberish, and then crashed onto a mattress without a pillow or pillowcase, because the Ikea trip is planned for the next day.<br \/>\nYou remember your tricky first days in this strange country and you&#8217;re absolutely determined to make them easier on your friend. You\u2019ll be his guide for the duration of this game. Let&#8217;s see how well you can answer his questions!<\/em><\/p>\n<p><strong>TRAIL:<\/strong> across the city centre, 3.8km<br \/>\n<strong>TIME REQUIRED:<\/strong> 2 to 4 hours, but you can stop anytime, or finish another day<br \/>\n<strong>TIME:<\/strong> play any day any time.<br \/>\n<strong>PRICE:<\/strong> the game is for free.<br \/>\n<strong>WHO CAN PLAY:<\/strong> Any expat, with teams of up to 6 players.<\/p>\n<p><strong>STARTING POINT:<\/strong> Where else to start introducing Brno than up on a hill, overlooking the city? So, let\u2019s take your friend up onto the \u0160pilberk Hill!<br \/>\nYour trail starts on its southern slopes &#8211; exactly here:<br \/>\n<div style='position: relative;'><div title='49.1938675N, 16.5979897E' id='m48634' style='width: 100%; height: 400px;'><\/div><\/div><p class='text-end'><small><a href='https:\/\/mapy.cz\/turisticka?source=coor&id=16.5979897%2C49.1938675&ds=2&x=16.5979897&y=49.1938675&z=17' target='_blank'>Open at mapy.cz<\/a><\/small><\/p><\/p>\n<p>Once you\u2019re there, start playing by registering your team:<\/p>\n<p><a href=\"https:\/\/trails.cryptomania.cz\/brnoismyplayground\/register-your-team\/\" target=\"_blank\" rel=\"noopener noreferrer\"><strong>START THE GAME<\/strong><\/a><\/p>\n<p><strong>Created and powered by:<\/strong><\/p>\n<div class=\"row\">\n<div class=\"col-12 col-md-4\">\n    <a href=\"\"https:\/\/brnoexpatcentre.eu\/\" target=\"_blank\" title=\"Brno Expat Center\" class=\"img-box border border-1 border-gray2 d-flex mb-4 bg-white\" style=\"height: 120px;\"><br \/>\n      <img decoding=\"async\" src=\"https:\/\/trails.cryptomania.cz\/brnoismyplayground\/wp-content\/uploads\/sites\/79\/2021\/06\/brno-expat-centre.png\" alt=\"Brno Expat Center\" class=\"align-self-center mx-auto\" style=\"max-height: 85px; max-width: 70%\"><br \/>\n    <\/a>\n  <\/div>\n<\/div>\n<p><strong>Supported by:<\/strong><\/p>\n<div class=\"row\">\n<div class=\"col-12 col-md-4\">\n    <a href=\"\"http:\/\/www.brnoregion.com\/\" target=\"_blank\" title=\"Brno Region\" class=\"img-box border border-1 border-gray2 d-flex mb-4 bg-white\" style=\"height: 120px;\"><br \/>\n      <img decoding=\"async\" src=\"https:\/\/trails.cryptomania.cz\/brnoismyplayground\/wp-content\/uploads\/sites\/79\/2021\/06\/brno.png\" alt=\"Brno Region\" class=\"align-self-center mx-auto\" style=\"max-height: 85px; max-width: 70%\"><br \/>\n    <\/a>\n  <\/div>\n<\/div>\n<p><strong>Partners:<\/strong><\/p>\n<div class=\"row\">\n<div class=\"col-6 col-md-2\">\n    <a href=\"https:\/\/www.att.jobs\/search-jobs\/Czech%20Republic\/\" target=\"_blank\" title=\"\" class=\"img-box border border-1 border-gray2 d-flex mb-4 bg-white\" style=\"height: 120px;\" rel=\"noopener noreferrer\"><br \/>\n      <img decoding=\"async\" src=\"https:\/\/trails.cryptomania.cz\/brnoismyplayground\/wp-content\/uploads\/sites\/79\/2021\/06\/att.jpg\" alt=\"\" class=\"align-self-center mx-auto\" style=\"max-height: 85px; max-width: 70%\"><br \/>\n    <\/a>\n  <\/div>\n<div class=\"col-6 col-md-2\">\n    <a href=\"https:\/\/www.dixonscarphone.cz\/\" target=\"_blank\" title=\"\" class=\"img-box border border-1 border-gray2 d-flex mb-4 bg-white\" style=\"height: 120px;\" rel=\"noopener noreferrer\"><br \/>\n      <img decoding=\"async\" src=\"https:\/\/trails.cryptomania.cz\/brnoismyplayground\/wp-content\/uploads\/sites\/79\/2021\/06\/dixons-logo.png\" alt=\"\" class=\"align-self-center mx-auto\" style=\"max-height: 85px; max-width: 70%\"><br \/>\n    <\/a>\n  <\/div>\n<div class=\"col-6 col-md-2\">\n    <a href=\"https:\/\/www.ibm.com\/cz-en\/employment\/\" target=\"_blank\" title=\"\" class=\"img-box border border-1 border-gray2 d-flex mb-4 bg-white\" style=\"height: 120px;\" rel=\"noopener noreferrer\"><br \/>\n      <img decoding=\"async\" src=\"https:\/\/trails.cryptomania.cz\/brnoismyplayground\/wp-content\/uploads\/sites\/79\/2021\/06\/ibm.png\" alt=\"\" class=\"align-self-center mx-auto\" style=\"max-height: 85px; max-width: 70%\"><br \/>\n    <\/a>\n  <\/div>\n<div class=\"col-6 col-md-2\">\n    <a href=\"https:\/\/go.kiwi.com\/ExpatFair\" target=\"_blank\" title=\"\" class=\"img-box border border-1 border-gray2 d-flex mb-4 bg-white\" style=\"height: 120px;\" rel=\"noopener noreferrer\"><br \/>\n      <img decoding=\"async\" src=\"https:\/\/trails.cryptomania.cz\/brnoismyplayground\/wp-content\/uploads\/sites\/79\/2021\/06\/kiwi-logo.png\" alt=\"\" class=\"align-self-center mx-auto\" style=\"max-height: 85px; max-width: 70%\"><br \/>\n    <\/a>\n  <\/div>\n<div class=\"col-6 col-md-2\">\n    <a href=\"https:\/\/lh-intouch.jobs.cz\/\" target=\"_blank\" title=\"\" class=\"img-box border border-1 border-gray2 d-flex mb-4 bg-white\" style=\"height: 120px;\" rel=\"noopener noreferrer\"><br \/>\n      <img decoding=\"async\" src=\"https:\/\/trails.cryptomania.cz\/brnoismyplayground\/wp-content\/uploads\/sites\/79\/2021\/06\/Lufthansa.jpg\" alt=\"\" class=\"align-self-center mx-auto\" style=\"max-height: 85px; max-width: 70%\"><br \/>\n    <\/a>\n  <\/div>\n<div class=\"col-6 col-md-2\">\n    <a href=\"https:\/\/boards.greenhouse.io\/2kczech\" target=\"_blank\" title=\"\" class=\"img-box border border-1 border-gray2 d-flex mb-4 bg-white\" style=\"height: 120px;\" rel=\"noopener noreferrer\"><br \/>\n      <img decoding=\"async\" src=\"https:\/\/trails.cryptomania.cz\/brnoismyplayground\/wp-content\/uploads\/sites\/79\/2021\/06\/Hangar13-2KCzech.png\" alt=\"\" class=\"align-self-center mx-auto\" style=\"max-height: 85px; max-width: 70%\"><br \/>\n    <\/a>\n  <\/div>\n<div class=\"col-6 col-md-2\">\n    <a href=\"https:\/\/thermofisher.jobs.cz\/\" target=\"_blank\" title=\"\" class=\"img-box border border-1 border-gray2 d-flex mb-4 bg-white\" style=\"height: 120px;\" rel=\"noopener noreferrer\"><br \/>\n      <img decoding=\"async\" src=\"https:\/\/trails.cryptomania.cz\/brnoismyplayground\/wp-content\/uploads\/sites\/79\/2021\/06\/thermo-fisher-scientific-logo.png\" alt=\"\" class=\"align-self-center mx-auto\" style=\"max-height: 85px; max-width: 70%\"><br \/>\n    <\/a>\n  <\/div>\n<\/div>\n","protected":false},"excerpt":{"rendered":"<p>GAME STORY: It seems that your excitement with your new home has caught on. You&#8217;ve been talking about Brno with your friends back home so enthusiastically that one of them decided to join you! He arrived at Hlavn\u00ed N\u00e1dra\u017e\u00ed just yesterday, showed an unpronounceable address (with way too many consonants) to a taxi driver to [&hellip;]<\/p>\n","protected":false},"author":82,"featured_media":0,"parent":0,"menu_order":0,"comment_status":"closed","ping_status":"closed","template":"","meta":{"footnotes":""},"class_list":["post-147","page","type-page","status-publish","hentry"],"_links":{"self":[{"href":"https:\/\/trails.cryptomania.cz\/brnoismyplayground\/wp-json\/wp\/v2\/pages\/147","targetHints":{"allow":["GET"]}}],"collection":[{"href":"https:\/\/trails.cryptomania.cz\/brnoismyplayground\/wp-json\/wp\/v2\/pages"}],"about":[{"href":"https:\/\/trails.cryptomania.cz\/brnoismyplayground\/wp-json\/wp\/v2\/types\/page"}],"author":[{"embeddable":true,"href":"https:\/\/trails.cryptomania.cz\/brnoismyplayground\/wp-json\/wp\/v2\/users\/82"}],"replies":[{"embeddable":true,"href":"https:\/\/trails.cryptomania.cz\/brnoismyplayground\/wp-json\/wp\/v2\/comments?post=147"}],"version-history":[{"count":21,"href":"https:\/\/trails.cryptomania.cz\/brnoismyplayground\/wp-json\/wp\/v2\/pages\/147\/revisions"}],"predecessor-version":[{"id":236,"href":"https:\/\/trails.cryptomania.cz\/brnoismyplayground\/wp-json\/wp\/v2\/pages\/147\/revisions\/236"}],"wp:attachment":[{"href":"https:\/\/trails.cryptomania.cz\/brnoismyplayground\/wp-json\/wp\/v2\/media?parent=147"}],"curies":[{"name":"wp","href":"https:\/\/api.w.org\/{rel}","templated":true}]}}